Last updated on 2023-04-01 23:52:57 CEST.
Flavor | Version | Tinstall | Tcheck | Ttotal | Status | Flags |
---|---|---|---|---|---|---|
r-devel-linux-x86_64-debian-clang | 3.7.0 | 6.64 | 50.52 | 57.16 | OK | |
r-devel-linux-x86_64-debian-gcc | 3.7.0 | 5.23 | 38.45 | 43.68 | OK | |
r-devel-linux-x86_64-fedora-clang | 3.7.0 | 79.57 | NOTE | |||
r-devel-linux-x86_64-fedora-gcc | 3.7.0 | 84.04 | NOTE | |||
r-devel-windows-x86_64 | 3.7.0 | 17.00 | 89.00 | 106.00 | OK | |
r-patched-linux-x86_64 | 3.7.0 | 12.63 | 48.49 | 61.12 | OK | |
r-release-linux-x86_64 | 3.7.0 | 4.89 | 46.82 | 51.71 | OK | |
r-release-macos-arm64 | 3.7.0 | 27.00 | NOTE | |||
r-release-macos-x86_64 | 3.7.0 | 33.00 | NOTE | |||
r-release-windows-x86_64 | 3.7.0 | 28.00 | 85.00 | 113.00 | OK | |
r-oldrel-macos-arm64 | 3.7.0 | 28.00 | NOTE | |||
r-oldrel-macos-x86_64 | 3.7.0 | 36.00 | NOTE | |||
r-oldrel-windows-ix86+x86_64 | 3.7.0 | 13.00 | 73.00 | 86.00 | OK |
Version: 3.7.0
Check: dependencies in R code
Result: NOTE
Namespace in Imports field not imported from: ‘R6’
All declared Imports should be used.
Flavors: r-devel-linux-x86_64-fedora-clang, r-devel-linux-x86_64-fedora-gcc, r-release-macos-arm64, r-release-macos-x86_64, r-oldrel-macos-arm64, r-oldrel-macos-x86_64