CRAN Package Check Results for Package BART

Last updated on 2020-08-12 23:49:25 CEST.

Flavor Version Tinstall Tcheck Ttotal Status Flags
r-devel-linux-x86_64-debian-clang 2.7 179.63 166.22 345.85 OK
r-devel-linux-x86_64-debian-gcc 2.7 127.15 122.82 249.97 OK
r-devel-linux-x86_64-fedora-clang 2.7 464.58 NOTE
r-devel-linux-x86_64-fedora-gcc 2.7 418.08 OK
r-devel-windows-ix86+x86_64 2.7 394.00 256.00 650.00 NOTE
r-patched-linux-x86_64 2.7 131.32 160.05 291.37 OK
r-patched-solaris-x86 2.7 468.30 NOTE
r-release-linux-x86_64 2.7 141.12 161.80 302.92 OK
r-release-macos-x86_64 2.7 NOTE
r-release-windows-ix86+x86_64 2.7 390.00 265.00 655.00 NOTE
r-oldrel-macos-x86_64 2.7 NOTE
r-oldrel-windows-ix86+x86_64 2.7 268.00 200.00 468.00 NOTE

Check Details

Version: 2.7
Check: installed package size
Result: NOTE
     installed size is 11.4Mb
     sub-directories of 1Mb or more:
     data 3.2Mb
     doc 1.1Mb
     libs 5.9Mb
Flavors: r-devel-linux-x86_64-fedora-clang, r-devel-windows-ix86+x86_64, r-patched-solaris-x86, r-release-macos-x86_64, r-release-windows-ix86+x86_64, r-oldrel-macos-x86_64, r-oldrel-windows-ix86+x86_64