CRAN Package Check Results for Package BART

Last updated on 2019-04-23 17:51:26 CEST.

Flavor Version Tinstall Tcheck Ttotal Status Flags
r-devel-linux-x86_64-debian-clang 2.4 137.24 150.86 288.10 OK
r-devel-linux-x86_64-debian-gcc 2.4 108.88 115.34 224.22 OK
r-devel-linux-x86_64-fedora-clang 2.4 416.07 NOTE
r-devel-linux-x86_64-fedora-gcc 2.4 383.35 OK
r-devel-windows-ix86+x86_64 2.4 370.00 244.00 614.00 NOTE
r-patched-linux-x86_64 2.4 124.89 150.44 275.33 OK
r-patched-solaris-x86 2.4 457.40 NOTE
r-release-linux-x86_64 2.4 119.79 140.85 260.64 OK
r-release-windows-ix86+x86_64 2.4 274.00 166.00 440.00 NOTE
r-release-osx-x86_64 2.4 NOTE
r-oldrel-windows-ix86+x86_64 2.4 367.00 247.00 614.00 NOTE
r-oldrel-osx-x86_64 2.3 NOTE

Check Details

Version: 2.4
Check: installed package size
Result: NOTE
     installed size is 10.1Mb
     sub-directories of 1Mb or more:
     data 3.2Mb
     libs 4.7Mb
Flavors: r-devel-linux-x86_64-fedora-clang, r-devel-windows-ix86+x86_64, r-patched-solaris-x86, r-release-windows-ix86+x86_64, r-release-osx-x86_64, r-oldrel-windows-ix86+x86_64

Version: 2.3
Check: installed package size
Result: NOTE
     installed size is 7.8Mb
     sub-directories of 1Mb or more:
     data 3.1Mb
     libs 2.6Mb
Flavor: r-oldrel-osx-x86_64

Version: 2.3
Check: dependencies in R code
Result: NOTE
    Namespace in Imports field not imported from: ‘MASS’
     All declared Imports should be used.
Flavor: r-oldrel-osx-x86_64