CRAN Package Check Results for Package BART

Last updated on 2019-07-16 05:48:04 CEST.

Flavor Version Tinstall Tcheck Ttotal Status Flags
r-devel-linux-x86_64-debian-clang 2.5 137.64 150.02 287.66 OK
r-devel-linux-x86_64-debian-gcc 2.5 107.72 116.02 223.74 OK
r-devel-linux-x86_64-fedora-clang 2.5 412.24 NOTE
r-devel-linux-x86_64-fedora-gcc 2.5 380.75 OK
r-devel-windows-ix86+x86_64 2.5 410.00 248.00 658.00 NOTE
r-patched-linux-x86_64 2.5 123.30 148.45 271.75 OK
r-patched-solaris-x86 2.5 463.10 NOTE
r-release-linux-x86_64 2.5 128.06 147.49 275.55 OK
r-release-windows-ix86+x86_64 2.5 273.00 184.00 457.00 NOTE
r-release-osx-x86_64 2.5 NOTE
r-oldrel-windows-ix86+x86_64 2.5 379.00 229.00 608.00 NOTE
r-oldrel-osx-x86_64 2.5 NOTE

Check Details

Version: 2.5
Check: installed package size
Result: NOTE
     installed size is 10.1Mb
     sub-directories of 1Mb or more:
     data 3.2Mb
     libs 4.7Mb
Flavors: r-devel-linux-x86_64-fedora-clang, r-devel-windows-ix86+x86_64, r-patched-solaris-x86, r-release-windows-ix86+x86_64, r-release-osx-x86_64, r-oldrel-windows-ix86+x86_64, r-oldrel-osx-x86_64