CRAN Package Check Results for Package BBEST

Last updated on 2024-07-23 00:54:23 CEST.

Flavor Version Tinstall Tcheck Ttotal Status Flags
r-devel-linux-x86_64-debian-clang 0.1-8 11.65 73.79 85.44 NOTE
r-devel-linux-x86_64-debian-gcc 0.1-8 7.50 54.73 62.23 NOTE
r-devel-linux-x86_64-fedora-clang 0.1-8 105.58 NOTE
r-devel-linux-x86_64-fedora-gcc 0.1-8 99.26 NOTE
r-devel-windows-x86_64 0.1-8 14.00 73.00 87.00 NOTE
r-patched-linux-x86_64 0.1-8 10.83 70.45 81.28 NOTE
r-release-linux-x86_64 0.1-8 8.71 70.41 79.12 NOTE
r-release-macos-arm64 0.1-8 31.00 NOTE
r-release-macos-x86_64 0.1-8 50.00 NOTE
r-release-windows-x86_64 0.1-8 12.00 74.00 86.00 NOTE
r-oldrel-macos-arm64 0.1-8 32.00 NOTE
r-oldrel-macos-x86_64 0.1-8 47.00 NOTE
r-oldrel-windows-x86_64 0.1-8 15.00 86.00 101.00 NOTE

Check Details

Version: 0.1-8
Check: Rd files
Result: NOTE checkRd: (-1) runUI.Rd:11: Lost braces 11 | Runs a \bold{Shiny} application. This function normally does not return; interrupt bold{R} to stop the application (usually by pressing Ctrl+C or Esc). | ^ Flavors: r-devel-linux-x86_64-debian-clang, r-devel-linux-x86_64-debian-gcc, r-devel-linux-x86_64-fedora-clang, r-devel-linux-x86_64-fedora-gcc, r-devel-windows-x86_64, r-patched-linux-x86_64, r-release-linux-x86_64, r-release-macos-arm64, r-release-macos-x86_64, r-release-windows-x86_64

Version: 0.1-8
Check: LazyData
Result: NOTE 'LazyData' is specified without a 'data' directory Flavors: r-devel-linux-x86_64-debian-clang, r-devel-linux-x86_64-debian-gcc, r-devel-linux-x86_64-fedora-clang, r-devel-linux-x86_64-fedora-gcc, r-devel-windows-x86_64, r-patched-linux-x86_64, r-release-linux-x86_64, r-release-macos-arm64, r-release-macos-x86_64, r-release-windows-x86_64, r-oldrel-macos-arm64, r-oldrel-macos-x86_64, r-oldrel-windows-x86_64