CRAN Package Check Results for Package BBSSL

Last updated on 2022-01-26 23:50:11 CET.

Flavor Version Tinstall Tcheck Ttotal Status Flags
r-devel-linux-x86_64-debian-clang 0.1.0 4.17 46.06 50.23 OK
r-devel-linux-x86_64-debian-gcc 0.1.0 2.96 35.95 38.91 OK
r-devel-linux-x86_64-fedora-clang 0.1.0 63.47 OK
r-devel-linux-x86_64-fedora-gcc 0.1.0 54.78 OK
r-devel-windows-x86_64-new-UL 0.1.0 26.00 66.00 92.00 OK
r-devel-windows-x86_64-new-TK 0.1.0 ERROR
r-patched-linux-x86_64 0.1.0 2.93 44.42 47.35 OK
r-release-linux-x86_64 0.1.0 3.41 44.19 47.60 OK
r-release-macos-arm64 0.1.0 OK
r-release-macos-x86_64 0.1.0 OK
r-release-windows-ix86+x86_64 0.1.0 13.00 75.00 88.00 OK
r-oldrel-macos-x86_64 0.1.0 OK
r-oldrel-windows-ix86+x86_64 0.1.0 13.00 75.00 88.00 OK

Check Details

Version: 0.1.0
Check: package dependencies
Result: ERROR
    Package required but not available: 'greybox'
    
    See section 'The DESCRIPTION file' in the 'Writing R Extensions'
    manual.
Flavor: r-devel-windows-x86_64-new-TK