CRAN Package Check Results for Package BCBCSF

Last updated on 2019-07-16 05:48:05 CEST.

Flavor Version Tinstall Tcheck Ttotal Status Flags
r-devel-linux-x86_64-debian-clang 1.0-1 2.85 36.79 39.64 NOTE
r-devel-linux-x86_64-debian-gcc 1.0-1 2.43 27.78 30.21 NOTE
r-devel-linux-x86_64-fedora-clang 1.0-1 46.69 NOTE
r-devel-linux-x86_64-fedora-gcc 1.0-1 44.83 NOTE
r-devel-windows-ix86+x86_64 1.0-1 9.00 80.00 89.00 OK
r-patched-linux-x86_64 1.0-1 2.97 35.57 38.54 OK
r-patched-solaris-x86 1.0-1 77.90 OK
r-release-linux-x86_64 1.0-1 2.70 35.94 38.64 OK
r-release-windows-ix86+x86_64 1.0-1 9.00 104.00 113.00 OK
r-release-osx-x86_64 1.0-1 OK
r-oldrel-windows-ix86+x86_64 1.0-1 7.00 81.00 88.00 OK
r-oldrel-osx-x86_64 1.0-1 OK

Check Details

Version: 1.0-1
Check: for non-standard things in the check directory
Result: NOTE
    Found the following files/directories:
     '.fitbcbcsf_alpha1_mu_3_n_31_p_4026_nfsel_20_biascor_1.RData'
     '.fitbcbcsf_alpha1_mu_3_n_31_p_4026_nfsel_50_biascor_1.RData'
     '.fitbcbcsf_alpha1_mu_3_n_53_p_4026_nfsel_20_biascor_1.RData'
     '.fitbcbcsf_alpha1_mu_3_n_53_p_4026_nfsel_50_biascor_1.RData'
Flavors: r-devel-linux-x86_64-debian-clang, r-devel-linux-x86_64-debian-gcc, r-devel-linux-x86_64-fedora-clang, r-devel-linux-x86_64-fedora-gcc

Version: 1.0-1
Check: compiled code
Result: NOTE
    File ‘BCBCSF/libs/BCBCSF.so’:
     Found no calls to: ‘R_registerRoutines’, ‘R_useDynamicSymbols’
    
    It is good practice to register native routines and to disable symbol
    search.
    
    See ‘Writing portable packages’ in the ‘Writing R Extensions’ manual.
Flavors: r-devel-linux-x86_64-fedora-clang, r-devel-linux-x86_64-fedora-gcc