CRAN Package Check Results for Package BCHM

Last updated on 2024-06-18 11:54:40 CEST.

Flavor Version Tinstall Tcheck Ttotal Status Flags
r-devel-linux-x86_64-debian-clang 1.00 4.00 44.36 48.36 NOTE
r-devel-linux-x86_64-debian-gcc 1.00 2.74 32.45 35.19 NOTE
r-devel-linux-x86_64-fedora-clang 1.00 59.73 NOTE
r-devel-linux-x86_64-fedora-gcc 1.00 86.96 NOTE
r-devel-windows-x86_64 1.00 4.00 56.00 60.00 NOTE
r-patched-linux-x86_64 1.00 3.39 42.50 45.89 NOTE
r-release-linux-x86_64 1.00 3.21 42.22 45.43 NOTE
r-release-macos-arm64 1.00 31.00 NOTE
r-release-macos-x86_64 1.00 45.00 NOTE
r-release-windows-x86_64 1.00 4.00 63.00 67.00 NOTE
r-oldrel-macos-arm64 1.00 32.00 NOTE
r-oldrel-macos-x86_64 1.00 44.00 NOTE
r-oldrel-windows-x86_64 1.00 5.00 59.00 64.00 NOTE

Check Details

Version: 1.00
Check: LazyData
Result: NOTE 'LazyData' is specified without a 'data' directory Flavors: r-devel-linux-x86_64-debian-clang, r-devel-linux-x86_64-debian-gcc, r-devel-linux-x86_64-fedora-clang, r-devel-linux-x86_64-fedora-gcc, r-devel-windows-x86_64, r-patched-linux-x86_64, r-release-linux-x86_64, r-release-macos-arm64, r-release-macos-x86_64, r-release-windows-x86_64, r-oldrel-macos-arm64, r-oldrel-macos-x86_64, r-oldrel-windows-x86_64

Version: 1.00
Check: dependencies in R code
Result: NOTE Namespaces in Imports field not imported from: ‘coda’ ‘knitr’ ‘plyr’ All declared Imports should be used. Flavors: r-devel-linux-x86_64-fedora-clang, r-devel-linux-x86_64-fedora-gcc