CRAN Package Check Results for Package BCHM

Last updated on 2021-10-24 23:51:41 CEST.

Flavor Version Tinstall Tcheck Ttotal Status Flags
r-devel-linux-x86_64-debian-clang 1.00 3.40 49.93 53.33 NOTE
r-devel-linux-x86_64-debian-gcc 1.00 2.13 38.57 40.70 NOTE
r-devel-linux-x86_64-fedora-clang 1.00 74.86 NOTE
r-devel-linux-x86_64-fedora-gcc 1.00 64.24 NOTE
r-devel-windows-x86_64 1.00 5.00 80.00 85.00 NOTE
r-devel-windows-x86_64-gcc10-UCRT 1.00 NOTE
r-patched-linux-x86_64 1.00 3.55 38.61 42.16 NOTE
r-patched-solaris-x86 1.00 92.00 NOTE
r-release-linux-x86_64 1.00 3.12 38.83 41.95 NOTE
r-release-macos-arm64 1.00 NOTE
r-release-macos-x86_64 1.00 NOTE
r-release-windows-ix86+x86_64 1.00 6.00 54.00 60.00 NOTE
r-oldrel-macos-x86_64 1.00 NOTE
r-oldrel-windows-ix86+x86_64 1.00 8.00 59.00 67.00 OK

Check Details

Version: 1.00
Check: LazyData
Result: NOTE
     'LazyData' is specified without a 'data' directory
Flavors: r-devel-linux-x86_64-debian-clang, r-devel-linux-x86_64-debian-gcc, r-devel-linux-x86_64-fedora-clang, r-devel-linux-x86_64-fedora-gcc, r-devel-windows-x86_64, r-devel-windows-x86_64-gcc10-UCRT, r-patched-linux-x86_64, r-patched-solaris-x86, r-release-linux-x86_64, r-release-macos-arm64, r-release-macos-x86_64, r-release-windows-ix86+x86_64

Version: 1.00
Check: dependencies in R code
Result: NOTE
    Namespaces in Imports field not imported from:
     ‘coda’ ‘knitr’ ‘plyr’
     All declared Imports should be used.
Flavors: r-devel-linux-x86_64-fedora-clang, r-devel-linux-x86_64-fedora-gcc, r-devel-windows-x86_64-gcc10-UCRT, r-patched-solaris-x86, r-release-macos-arm64, r-release-macos-x86_64, r-oldrel-macos-x86_64