Last updated on 2024-08-16 11:49:36 CEST.
Flavor | Version | Tinstall | Tcheck | Ttotal | Status | Flags |
---|---|---|---|---|---|---|
r-devel-linux-x86_64-debian-clang | 1.3.0 | 27.76 | 177.81 | 205.57 | OK | |
r-devel-linux-x86_64-debian-gcc | 1.3.0 | 21.18 | 117.74 | 138.92 | OK | |
r-devel-linux-x86_64-fedora-clang | 1.3.0 | 338.57 | NOTE | |||
r-devel-linux-x86_64-fedora-gcc | 1.3.0 | 333.66 | OK | |||
r-devel-windows-x86_64 | 1.3.0 | 35.00 | 162.00 | 197.00 | OK | |
r-patched-linux-x86_64 | 1.3.0 | 32.02 | 165.18 | 197.20 | OK | |
r-release-linux-x86_64 | 1.3.0 | 31.90 | 164.80 | 196.70 | OK | |
r-release-macos-arm64 | 1.3.0 | 89.00 | OK | |||
r-release-macos-x86_64 | 1.3.0 | 241.00 | OK | |||
r-release-windows-x86_64 | 1.3.0 | 37.00 | 166.00 | 203.00 | OK | |
r-oldrel-macos-arm64 | 1.3.0 | 92.00 | OK | |||
r-oldrel-macos-x86_64 | 1.3.0 | 185.00 | OK | |||
r-oldrel-windows-x86_64 | 1.3.0 | 45.00 | 207.00 | 252.00 | OK |
Version: 1.3.0
Check: installed package size
Result: NOTE
installed size is 6.3Mb
sub-directories of 1Mb or more:
libs 5.5Mb
Flavor: r-devel-linux-x86_64-fedora-clang