CRAN Package Check Results for Package BGGE

Last updated on 2024-02-28 17:48:21 CET.

Flavor Version Tinstall Tcheck Ttotal Status Flags
r-devel-linux-x86_64-debian-clang 0.6.5 2.29 29.77 32.06 NOTE
r-devel-linux-x86_64-debian-gcc 0.6.5 2.07 25.26 27.33 NOTE
r-devel-linux-x86_64-fedora-clang 0.6.5 40.73 NOTE
r-devel-linux-x86_64-fedora-gcc 0.6.5 42.03 NOTE
r-devel-windows-x86_64 0.6.5 3.00 51.00 54.00 NOTE
r-patched-linux-x86_64 0.6.5 2.39 31.84 34.23 NOTE
r-release-linux-x86_64 0.6.5 2.18 32.23 34.41 NOTE
r-release-macos-arm64 0.6.5 18.00 NOTE
r-release-macos-x86_64 0.6.5 27.00 NOTE
r-release-windows-x86_64 0.6.5 3.00 49.00 52.00 NOTE
r-oldrel-macos-arm64 0.6.5 18.00 NOTE
r-oldrel-windows-x86_64 0.6.5 5.00 50.00 55.00 NOTE

Check Details

Version: 0.6.5
Check: LazyData
Result: NOTE 'LazyData' is specified without a 'data' directory Flavors: r-devel-linux-x86_64-debian-clang, r-devel-linux-x86_64-debian-gcc, r-devel-linux-x86_64-fedora-clang, r-devel-linux-x86_64-fedora-gcc, r-devel-windows-x86_64, r-patched-linux-x86_64, r-release-linux-x86_64, r-release-macos-arm64, r-release-macos-x86_64, r-release-windows-x86_64, r-oldrel-macos-arm64, r-oldrel-windows-x86_64