CRAN Package Check Results for Package BIFIEsurvey

Last updated on 2022-11-26 10:57:54 CET.

Flavor Version Tinstall Tcheck Ttotal Status Flags
r-devel-linux-x86_64-debian-clang 3.4-15 158.56 108.14 266.70 OK
r-devel-linux-x86_64-debian-gcc 3.4-15 128.71 78.09 206.80 OK
r-devel-linux-x86_64-fedora-clang 3.4-15 419.44 OK
r-devel-windows-x86_64 3.4-15 222.00 161.00 383.00 OK
r-patched-linux-x86_64 3.4-15 OK
r-release-linux-x86_64 3.4-15 125.47 100.00 225.47 OK
r-release-macos-arm64 3.4-15 89.00 NOTE
r-release-macos-x86_64 3.4-15 138.00 NOTE
r-release-windows-x86_64 3.4-15 174.00 168.00 342.00 OK
r-oldrel-macos-arm64 3.4-15 87.00 NOTE
r-oldrel-macos-x86_64 3.4-15 107.00 NOTE
r-oldrel-windows-ix86+x86_64 3.4-15 372.00 168.00 540.00 NOTE

Check Details

Version: 3.4-15
Check: installed package size
Result: NOTE
     installed size is 9.8Mb
     sub-directories of 1Mb or more:
     data 1.4Mb
     libs 7.9Mb
Flavors: r-release-macos-arm64, r-release-macos-x86_64, r-oldrel-macos-arm64, r-oldrel-macos-x86_64, r-oldrel-windows-ix86+x86_64