CRAN Package Check Results for Package BIGDAWG

Last updated on 2019-10-10 05:47:31 CEST.

Flavor Version Tinstall Tcheck Ttotal Status Flags
r-devel-linux-x86_64-debian-clang 2.1 8.60 52.80 61.40 NOTE
r-devel-linux-x86_64-debian-gcc 2.1 8.16 41.01 49.17 NOTE
r-devel-linux-x86_64-fedora-clang 2.1 78.70 NOTE
r-devel-linux-x86_64-fedora-gcc 2.1 78.00 NOTE
r-devel-windows-ix86+x86_64 2.1 23.00 65.00 88.00 OK
r-patched-linux-x86_64 2.1 9.80 51.45 61.25 OK
r-patched-solaris-x86 2.1 109.80 NOTE
r-release-linux-x86_64 2.1 6.92 51.88 58.80 OK
r-release-windows-ix86+x86_64 2.1 24.00 90.00 114.00 OK
r-release-osx-x86_64 2.1 NOTE
r-oldrel-windows-ix86+x86_64 2.1 10.00 60.00 70.00 OK
r-oldrel-osx-x86_64 2.1 NOTE

Check Details

Version: 2.1
Check: for non-standard things in the check directory
Result: NOTE
    Found the following files/directories:
     'output 081019 175810'
Flavor: r-devel-linux-x86_64-debian-clang

Version: 2.1
Check: for non-standard things in the check directory
Result: NOTE
    Found the following files/directories:
     ‘output 091019 165429’
Flavor: r-devel-linux-x86_64-debian-gcc

Version: 2.1
Check: dependencies in R code
Result: NOTE
    Namespaces in Imports field not imported from:
     ‘knitr’ ‘rmarkdown’
     All declared Imports should be used.
Flavors: r-devel-linux-x86_64-fedora-clang, r-devel-linux-x86_64-fedora-gcc, r-patched-solaris-x86, r-release-osx-x86_64, r-oldrel-osx-x86_64

Version: 2.1
Check: for non-standard things in the check directory
Result: NOTE
    Found the following files/directories:
     ‘output 051019 080023’
Flavor: r-devel-linux-x86_64-fedora-clang

Version: 2.1
Check: for non-standard things in the check directory
Result: NOTE
    Found the following files/directories:
     ‘output 061019 090412’
Flavor: r-devel-linux-x86_64-fedora-gcc