Last updated on 2024-08-16 11:49:36 CEST.
Flavor | Version | Tinstall | Tcheck | Ttotal | Status | Flags |
---|---|---|---|---|---|---|
r-devel-linux-x86_64-debian-clang | 3.0.3 | 23.29 | 63.32 | 86.61 | OK | |
r-devel-linux-x86_64-debian-gcc | 3.0.3 | 15.99 | 41.31 | 57.30 | OK | |
r-devel-linux-x86_64-fedora-clang | 3.0.3 | 143.30 | NOTE | |||
r-devel-linux-x86_64-fedora-gcc | 3.0.3 | 148.34 | NOTE | |||
r-devel-windows-x86_64 | 3.0.3 | 27.00 | 80.00 | 107.00 | OK | |
r-patched-linux-x86_64 | 3.0.3 | 24.95 | 58.15 | 83.10 | OK | |
r-release-linux-x86_64 | 3.0.3 | 22.74 | 58.21 | 80.95 | OK | |
r-release-macos-arm64 | 3.0.3 | 57.00 | OK | |||
r-release-macos-x86_64 | 3.0.3 | 105.00 | OK | |||
r-release-windows-x86_64 | 3.0.3 | 28.00 | 80.00 | 108.00 | OK | |
r-oldrel-macos-arm64 | 3.0.3 | 60.00 | OK | |||
r-oldrel-macos-x86_64 | 3.0.3 | 82.00 | OK | |||
r-oldrel-windows-x86_64 | 3.0.3 | 38.00 | 87.00 | 125.00 | OK |
Version: 3.0.3
Check: dependencies in R code
Result: NOTE
Namespace in Imports field not imported from: ‘httr’
All declared Imports should be used.
Flavors: r-devel-linux-x86_64-fedora-clang, r-devel-linux-x86_64-fedora-gcc