CRAN Package Check Results for Package BIOMASS

Last updated on 2020-12-02 18:18:21 CET.

Flavor Version Tinstall Tcheck Ttotal Status Flags
r-devel-linux-x86_64-debian-clang 2.1.4 15.21 154.37 169.58 OK
r-devel-linux-x86_64-debian-gcc 2.1.4 10.64 114.30 124.94 OK
r-devel-linux-x86_64-fedora-clang 2.1.4 198.51 NOTE
r-devel-linux-x86_64-fedora-gcc 2.1.4 196.02 OK
r-devel-windows-ix86+x86_64 2.1.4 28.00 107.00 135.00 OK --no-vignettes
r-patched-linux-x86_64 2.1.4 10.70 143.04 153.74 OK
r-patched-solaris-x86 2.1.4 261.20 OK
r-release-linux-x86_64 2.1.4 13.67 140.14 153.81 OK
r-release-macos-x86_64 2.1.4 OK
r-release-windows-ix86+x86_64 2.1.4 18.00 153.00 171.00 OK --no-vignettes
r-oldrel-macos-x86_64 2.1.4 ERROR
r-oldrel-windows-ix86+x86_64 2.1.4 19.00 143.00 162.00 OK --no-vignettes

Check Details

Version: 2.1.4
Check: Rd cross-references
Result: NOTE
    Undeclared package ‘lmfor’ in Rd xrefs
Flavor: r-devel-linux-x86_64-fedora-clang

Version: 2.1.4
Check: tests
Result: ERROR
     Running ‘testthat.R’ [21s/12s]
    Running the tests in ‘tests/testthat.R’ failed.
    Last 13 lines of output:
     ERROR (test_02_retrieveH.R:29:3): With the coordonate
     ERROR (test_03_AGBmonteCarlo.R:150:3): AGB monte Carlo on the coord
     ERROR (test_03_AGBmonteCarlo.R:150:3): AGB monte Carlo on the coord
     ERROR (test_03_AGBmonteCarlo.R:174:3): AGB monte Carlo on the Dpropag
     ERROR (test_03_AGBmonteCarlo.R:174:3): AGB monte Carlo on the Dpropag
     ERROR (test_03_AGBmonteCarlo.R:200:3): AGB monte Carlo on the Carbon
     ERROR (test_03_AGBmonteCarlo.R:200:3): AGB monte Carlo on the Carbon
     ERROR (test_03_AGBmonteCarlo.R:222:3): AGB monte Carlo on the Dlim
     ERROR (test_03_AGBmonteCarlo.R:222:3): AGB monte Carlo on the Dlim
     ERROR (test_03_computeAGB.R:39:3): ComputeAGB with coord
     ERROR (test_03_computeAGB.R:39:3): ComputeAGB with coord
    
     [ FAIL 20 | WARN 0 | SKIP 0 | PASS 404 ]
     Error: Test failures
     Execution halted
Flavor: r-oldrel-macos-x86_64

Version: 2.1.4
Check: re-building of vignette outputs
Result: WARN
    Error(s) in re-building vignettes:
     ...
    --- re-building ‘BIOMASS.Rmd’ using rmarkdown
    Warning in engine$weave(file, quiet = quiet, encoding = enc) :
     Pandoc (>= 1.12.3) and/or pandoc-citeproc not available. Falling back to R Markdown v1.
    Quitting from lines 54-57 (BIOMASS.Rmd)
    Error: processing vignette 'BIOMASS.Rmd' failed with diagnostics:
    No such file or directory: '/Users/urbanek/Library/Application Support/R/BIOMASS/correctTaxo.log'. Unable to create new file for writing (it does not exist already). Do you have permission to write here, is there space on the disk and does the path exist?
    --- failed re-building ‘BIOMASS.Rmd’
    
    --- re-building ‘plot.Rmd’ using rmarkdown
    Warning in engine$weave(file, quiet = quiet, encoding = enc) :
     Pandoc (>= 1.12.3) and/or pandoc-citeproc not available. Falling back to R Markdown v1.
    --- finished re-building ‘plot.Rmd’
    
    SUMMARY: processing the following file failed:
     ‘BIOMASS.Rmd’
    
    Error: Vignette re-building failed.
    Execution halted
Flavor: r-oldrel-macos-x86_64