CRAN Package Check Results for Package BNPTSclust

Last updated on 2019-02-23 17:52:33 CET.

Flavor Version Tinstall Tcheck Ttotal Status Flags
r-devel-linux-x86_64-debian-clang 1.1 5.82 42.15 47.97 NOTE
r-devel-linux-x86_64-debian-gcc 1.1 5.54 32.55 38.09 NOTE
r-devel-linux-x86_64-fedora-clang 1.1 59.16 NOTE
r-devel-linux-x86_64-fedora-gcc 1.1 55.35 NOTE
r-devel-windows-ix86+x86_64 1.1 13.00 69.00 82.00 NOTE
r-patched-linux-x86_64 1.1 5.26 37.49 42.75 NOTE
r-patched-solaris-x86 1.1 68.60 NOTE
r-release-linux-x86_64 1.1 5.17 37.38 42.55 NOTE
r-release-windows-ix86+x86_64 1.1 12.00 64.00 76.00 NOTE
r-release-osx-x86_64 1.1 NOTE
r-oldrel-windows-ix86+x86_64 1.1 4.00 68.00 72.00 NOTE
r-oldrel-osx-x86_64 1.1 NOTE

Check Details

Version: 1.1
Check: R code for possible problems
Result: NOTE
    clusterplots: no visible global function definition for ‘par’
    clusterplots: no visible global function definition for ‘rainbow’
    clusterplots: no visible global function definition for ‘plot’
    clusterplots: no visible global function definition for ‘axis’
    clusterplots: no visible global function definition for ‘lines’
    diagplots: no visible global function definition for ‘par’
    diagplots: no visible global function definition for ‘plot’
    diagplots: no visible global function definition for ‘hist’
    tseriesca: no visible global function definition for ‘rgamma’
    tseriesca: no visible global function definition for ‘runif’
    tseriesca: no visible global function definition for ‘dbeta’
    tseriesca: no visible global function definition for ‘dgamma’
    tseriescm: no visible global function definition for ‘rgamma’
    tseriescm: no visible global function definition for ‘runif’
    tseriescm: no visible global function definition for ‘dbeta’
    tseriescm: no visible global function definition for ‘dgamma’
    tseriescq: no visible global function definition for ‘rgamma’
    tseriescq: no visible global function definition for ‘runif’
    tseriescq: no visible global function definition for ‘dbeta’
    tseriescq: no visible global function definition for ‘dgamma’
    Undefined global functions or variables:
     axis dbeta dgamma hist lines par plot rainbow rgamma runif
    Consider adding
     importFrom("grDevices", "rainbow")
     importFrom("graphics", "axis", "hist", "lines", "par", "plot")
     importFrom("stats", "dbeta", "dgamma", "rgamma", "runif")
    to your NAMESPACE file.
Flavors: r-devel-linux-x86_64-debian-clang, r-devel-linux-x86_64-debian-gcc, r-devel-linux-x86_64-fedora-clang, r-devel-linux-x86_64-fedora-gcc, r-devel-windows-ix86+x86_64, r-patched-linux-x86_64, r-patched-solaris-x86, r-release-linux-x86_64, r-release-windows-ix86+x86_64, r-release-osx-x86_64, r-oldrel-windows-ix86+x86_64, r-oldrel-osx-x86_64

Version: 1.1
Check: files in ‘vignettes’
Result: NOTE
    Package has no Sweave vignette sources and no VignetteBuilder field.
Flavors: r-devel-linux-x86_64-debian-clang, r-devel-linux-x86_64-debian-gcc, r-devel-linux-x86_64-fedora-clang, r-devel-linux-x86_64-fedora-gcc, r-devel-windows-ix86+x86_64, r-patched-linux-x86_64, r-patched-solaris-x86, r-release-linux-x86_64, r-release-windows-ix86+x86_64, r-release-osx-x86_64, r-oldrel-windows-ix86+x86_64, r-oldrel-osx-x86_64