Last updated on 2021-04-21 05:48:30 CEST.
Flavor | Version | Tinstall | Tcheck | Ttotal | Status | Flags |
---|---|---|---|---|---|---|
r-devel-linux-x86_64-debian-clang | 2020.3.4 | 11.93 | 167.95 | 179.88 | NOTE | |
r-devel-linux-x86_64-debian-gcc | 2020.3.4 | 8.58 | 118.83 | 127.41 | NOTE | |
r-devel-linux-x86_64-fedora-clang | 2020.3.4 | 215.60 | NOTE | |||
r-devel-linux-x86_64-fedora-gcc | 2020.3.4 | 206.05 | NOTE | |||
r-devel-windows-ix86+x86_64 | 2020.3.4 | 19.00 | 188.00 | 207.00 | OK | |
r-devel-windows-x86_64-gcc10-UCRT | 2020.3.4 | NOTE | ||||
r-patched-linux-x86_64 | 2020.3.4 | 12.13 | 155.50 | 167.63 | NOTE | |
r-patched-solaris-x86 | 2020.3.4 | 314.00 | NOTE | |||
r-release-linux-x86_64 | 2020.3.4 | 9.32 | 154.46 | 163.78 | NOTE | |
r-release-macos-x86_64 | 2020.3.4 | OK | ||||
r-release-windows-ix86+x86_64 | 2020.3.4 | 23.00 | 234.00 | 257.00 | OK | |
r-oldrel-macos-x86_64 | 2020.3.4 | OK | ||||
r-oldrel-windows-ix86+x86_64 | 2020.3.4 | 29.00 | 227.00 | 256.00 | OK |
Version: 2020.3.4
Check: package dependencies
Result: NOTE
Package suggested but not available for checking: 'GreedyEPL'
Flavors: r-devel-linux-x86_64-debian-clang, r-devel-linux-x86_64-debian-gcc, r-devel-linux-x86_64-fedora-clang, r-devel-linux-x86_64-fedora-gcc, r-devel-windows-x86_64-gcc10-UCRT, r-patched-linux-x86_64, r-patched-solaris-x86, r-release-linux-x86_64