Last updated on 2024-08-16 11:49:36 CEST.
Flavor | Version | Tinstall | Tcheck | Ttotal | Status | Flags |
---|---|---|---|---|---|---|
r-devel-linux-x86_64-debian-clang | 0.2.0 | 18.90 | 41.78 | 60.68 | NOTE | |
r-devel-linux-x86_64-debian-gcc | 0.2.0 | 14.37 | 32.29 | 46.66 | NOTE | |
r-devel-linux-x86_64-fedora-clang | 0.2.0 | 109.52 | NOTE | |||
r-devel-linux-x86_64-fedora-gcc | 0.2.0 | 119.92 | NOTE | |||
r-devel-windows-x86_64 | 0.2.0 | 24.00 | 103.00 | 127.00 | NOTE | |
r-patched-linux-x86_64 | 0.2.0 | 19.26 | 40.13 | 59.39 | NOTE | |
r-release-linux-x86_64 | 0.2.0 | 20.09 | 40.25 | 60.34 | NOTE | |
r-release-macos-arm64 | 0.2.0 | 42.00 | NOTE | |||
r-release-macos-x86_64 | 0.2.0 | 86.00 | NOTE | |||
r-release-windows-x86_64 | 0.2.0 | 24.00 | 104.00 | 128.00 | NOTE | |
r-oldrel-macos-arm64 | 0.2.0 | 47.00 | NOTE | |||
r-oldrel-macos-x86_64 | 0.2.0 | 59.00 | NOTE | |||
r-oldrel-windows-x86_64 | 0.2.0 | 28.00 | 103.00 | 131.00 | NOTE |
Version: 0.2.0
Check: C++ specification
Result: NOTE
Specified C++11: please drop specification unless essential
Flavors: r-devel-linux-x86_64-debian-clang, r-devel-linux-x86_64-debian-gcc, r-devel-linux-x86_64-fedora-clang, r-devel-linux-x86_64-fedora-gcc, r-devel-windows-x86_64, r-patched-linux-x86_64, r-release-linux-x86_64, r-release-macos-arm64, r-release-macos-x86_64, r-release-windows-x86_64, r-oldrel-macos-arm64, r-oldrel-macos-x86_64, r-oldrel-windows-x86_64
Version: 0.2.0
Check: LazyData
Result: NOTE
'LazyData' is specified without a 'data' directory
Flavors: r-devel-linux-x86_64-debian-clang, r-devel-linux-x86_64-debian-gcc, r-devel-linux-x86_64-fedora-clang, r-devel-linux-x86_64-fedora-gcc, r-devel-windows-x86_64, r-patched-linux-x86_64, r-release-linux-x86_64, r-release-macos-arm64, r-release-macos-x86_64, r-release-windows-x86_64, r-oldrel-macos-arm64, r-oldrel-macos-x86_64, r-oldrel-windows-x86_64
Version: 0.2.0
Check: package dependencies
Result: NOTE
Package suggested but not available for checking: ‘sparsenet’
Flavor: r-oldrel-macos-x86_64