Last updated on 2024-05-13 05:52:26 CEST.
Flavor | Version | Tinstall | Tcheck | Ttotal | Status | Flags |
---|---|---|---|---|---|---|
r-devel-linux-x86_64-debian-clang | 2024.4.1 | 14.22 | 113.78 | 128.00 | OK | |
r-devel-linux-x86_64-debian-gcc | 2024.5.9 | 9.70 | 80.10 | 89.80 | OK | |
r-devel-linux-x86_64-fedora-clang | 2024.4.1 | 160.28 | NOTE | |||
r-devel-linux-x86_64-fedora-gcc | 2024.5.9 | 167.45 | OK | |||
r-devel-windows-x86_64 | 2024.5.9 | 15.00 | 110.00 | 125.00 | NOTE | |
r-patched-linux-x86_64 | 2024.4.1 | 12.16 | 106.24 | 118.40 | OK | |
r-release-linux-x86_64 | 2024.5.9 | 14.26 | 104.56 | 118.82 | OK | |
r-release-macos-arm64 | 2024.5.9 | 51.00 | NOTE | |||
r-release-macos-x86_64 | 2024.5.9 | 156.00 | NOTE | |||
r-release-windows-x86_64 | 2024.5.9 | 16.00 | 109.00 | 125.00 | NOTE | |
r-oldrel-macos-arm64 | 2024.5.9 | 48.00 | NOTE | |||
r-oldrel-macos-x86_64 | 2024.5.9 | 118.00 | NOTE | |||
r-oldrel-windows-x86_64 | 2024.5.9 | 18.00 | 112.00 | 130.00 | NOTE |
Version: 2024.4.1
Check: installed package size
Result: NOTE
installed size is 5.3Mb
sub-directories of 1Mb or more:
doc 4.9Mb
Flavor: r-devel-linux-x86_64-fedora-clang
Version: 2024.5.9
Check: installed package size
Result: NOTE
installed size is 5.2Mb
sub-directories of 1Mb or more:
doc 4.9Mb
Flavors: r-devel-windows-x86_64, r-release-macos-arm64, r-release-macos-x86_64, r-release-windows-x86_64, r-oldrel-macos-arm64, r-oldrel-macos-x86_64, r-oldrel-windows-x86_64