CRAN Package Check Results for Package BUCSS

Last updated on 2021-07-31 17:50:25 CEST.

Flavor Version Tinstall Tcheck Ttotal Status Flags
r-devel-linux-x86_64-debian-clang 1.2.1 3.15 34.18 37.33 NOTE
r-devel-linux-x86_64-debian-gcc 1.2.1 2.62 25.11 27.73 NOTE
r-devel-linux-x86_64-fedora-clang 1.2.1 53.72 NOTE
r-devel-linux-x86_64-fedora-gcc 1.2.1 43.42 NOTE
r-devel-windows-x86_64 1.2.1 5.00 44.00 49.00 NOTE
r-devel-windows-x86_64-gcc10-UCRT 1.2.1 NOTE
r-patched-linux-x86_64 1.2.1 NOTE
r-patched-solaris-x86 1.2.1 65.20 NOTE
r-release-linux-x86_64 1.2.1 3.31 32.42 35.73 NOTE
r-release-macos-arm64 1.2.1 NOTE
r-release-macos-x86_64 1.2.1 NOTE
r-release-windows-ix86+x86_64 1.2.1 5.00 37.00 42.00 NOTE
r-oldrel-macos-x86_64 1.2.1 OK
r-oldrel-windows-ix86+x86_64 1.2.1 6.00 50.00 56.00 OK

Check Details

Version: 1.2.1
Check: LazyData
Result: NOTE
     'LazyData' is specified without a 'data' directory
Flavors: r-devel-linux-x86_64-debian-clang, r-devel-linux-x86_64-debian-gcc, r-devel-linux-x86_64-fedora-clang, r-devel-linux-x86_64-fedora-gcc, r-devel-windows-x86_64, r-devel-windows-x86_64-gcc10-UCRT, r-patched-linux-x86_64, r-patched-solaris-x86, r-release-linux-x86_64, r-release-macos-arm64, r-release-macos-x86_64, r-release-windows-ix86+x86_64