CRAN Package Check Results for Package BarBorGradient

Last updated on 2024-05-20 11:56:06 CEST.

Flavor Version Tinstall Tcheck Ttotal Status Flags
r-devel-linux-x86_64-debian-clang 1.0.5 2.47 22.76 25.23 NOTE
r-devel-linux-x86_64-debian-gcc 1.0.5 1.46 17.98 19.44 NOTE
r-devel-linux-x86_64-fedora-clang 1.0.5 32.10 NOTE
r-devel-linux-x86_64-fedora-gcc 1.0.5 30.20 NOTE
r-devel-windows-x86_64 1.0.5 3.00 39.00 42.00 NOTE
r-patched-linux-x86_64 1.0.5 2.45 22.47 24.92 NOTE
r-release-linux-x86_64 1.0.5 2.35 22.59 24.94 NOTE
r-release-macos-arm64 1.0.5 14.00 NOTE
r-release-windows-x86_64 1.0.5 3.00 38.00 41.00 NOTE
r-oldrel-macos-arm64 1.0.5 16.00 NOTE
r-oldrel-macos-x86_64 1.0.5 20.00 NOTE
r-oldrel-windows-x86_64 1.0.5 4.00 38.00 42.00 NOTE

Check Details

Version: 1.0.5
Check: LazyData
Result: NOTE 'LazyData' is specified without a 'data' directory Flavors: r-devel-linux-x86_64-debian-clang, r-devel-linux-x86_64-debian-gcc, r-devel-linux-x86_64-fedora-clang, r-devel-linux-x86_64-fedora-gcc, r-devel-windows-x86_64, r-patched-linux-x86_64, r-release-linux-x86_64, r-release-macos-arm64, r-release-windows-x86_64, r-oldrel-macos-arm64, r-oldrel-macos-x86_64, r-oldrel-windows-x86_64