CRAN Package Check Results for Package BatchExperiments

Last updated on 2021-07-27 23:51:02 CEST.

Flavor Version Tinstall Tcheck Ttotal Status Flags
r-devel-linux-x86_64-debian-clang 1.4.2 6.26 146.08 152.34 NOTE
r-devel-linux-x86_64-debian-gcc 1.4.2 4.86 119.53 124.39 NOTE
r-devel-linux-x86_64-fedora-clang 1.4.2 182.77 NOTE
r-devel-linux-x86_64-fedora-gcc 1.4.2 173.65 NOTE
r-devel-windows-x86_64 1.4.2 11.00 187.00 198.00 NOTE
r-devel-windows-x86_64-gcc10-UCRT 1.4.2 ERROR
r-patched-linux-x86_64 1.4.2 10.00 136.04 146.04 NOTE
r-patched-solaris-x86 1.4.2 277.60 NOTE
r-release-linux-x86_64 1.4.2 6.37 134.98 141.35 NOTE
r-release-macos-arm64 1.4.2 NOTE
r-release-macos-x86_64 1.4.2 NOTE
r-release-windows-ix86+x86_64 1.4.2 14.00 148.00 162.00 NOTE
r-oldrel-macos-x86_64 1.4.2 OK
r-oldrel-windows-ix86+x86_64 1.4.2 10.00 191.00 201.00 OK

Check Details

Version: 1.4.2
Check: LazyData
Result: NOTE
     'LazyData' is specified without a 'data' directory
Flavors: r-devel-linux-x86_64-debian-clang, r-devel-linux-x86_64-debian-gcc, r-devel-linux-x86_64-fedora-clang, r-devel-linux-x86_64-fedora-gcc, r-devel-windows-x86_64, r-devel-windows-x86_64-gcc10-UCRT, r-patched-linux-x86_64, r-patched-solaris-x86, r-release-linux-x86_64, r-release-macos-arm64, r-release-macos-x86_64, r-release-windows-ix86+x86_64

Version: 1.4.2
Check: tests
Result: ERROR
     Running 'run-all.R'
    Running the tests in 'tests/run-all.R' failed.
    Last 13 lines of output:
     6. \-BBmisc::stopf("Directory '%s' is not readable/writable!", path)
     -- Error (test_reduceResultsExperimentsParallel.R:169:3): reduceResultsExperimentsParallel applies on missing results --
     Error: Directory 'C:/msys64/home/tomas/ucrt3/svn/ucrt3/r_packages/pkgcheck/CRAN/BatchExperiments/BatchExperiments.Rcheck/tests/testthat/unittests-files/unittest3c343fc52644/registry/reduceExperimentsParallel3c343bb62e81' is not readable/writable!
     Backtrace:
     x
     1. \-BatchExperiments::reduceResultsExperimentsParallel(...) test_reduceResultsExperimentsParallel.R:169:2
     2. \-BatchJobs::batchMapQuick(...)
     3. \-BatchJobs::makeRegistry(id = id, file.dir = file.dir, packages = packages)
     4. \-BatchJobs:::makeRegistryInternal(...)
     5. \-BatchJobs:::checkDir(...)
     6. \-BBmisc::stopf("Directory '%s' is not readable/writable!", path)
    
     [ FAIL 4 | WARN 1 | SKIP 0 | PASS 178 ]
     Error: Test failures
     Execution halted
Flavor: r-devel-windows-x86_64-gcc10-UCRT