Last updated on 2023-03-23 05:50:16 CET.
Flavor | Version | Tinstall | Tcheck | Ttotal | Status | Flags |
---|---|---|---|---|---|---|
r-devel-linux-x86_64-debian-clang | 1.9 | 10.12 | 220.62 | 230.74 | OK | |
r-devel-linux-x86_64-debian-gcc | 1.9 | 9.42 | 189.86 | 199.28 | OK | |
r-devel-linux-x86_64-fedora-clang | 1.9 | 281.33 | OK | |||
r-devel-linux-x86_64-fedora-gcc | 1.9 | 295.72 | OK | |||
r-devel-windows-x86_64 | 1.9 | 158.00 | 365.00 | 523.00 | OK | |
r-patched-linux-x86_64 | 1.9 | 11.56 | 212.35 | 223.91 | OK | |
r-release-linux-x86_64 | 1.9 | 10.24 | 213.88 | 224.12 | OK | |
r-release-macos-arm64 | 1.9 | 105.00 | OK | |||
r-release-macos-x86_64 | 1.9 | 120.00 | OK | |||
r-release-windows-x86_64 | 1.9 | 113.00 | 399.00 | 512.00 | OK | |
r-oldrel-macos-arm64 | 1.9 | 95.00 | OK | |||
r-oldrel-macos-x86_64 | 1.9 | 126.00 | OK | |||
r-oldrel-windows-ix86+x86_64 | 1.9 | 21.00 | 280.00 | 301.00 | WARN |
Version: 1.9
Check: for unstated dependencies in ‘tests’
Result: WARN
Warning: unable to access index for repository https://bioconductor.org/packages/3.14/bioc/src/contrib:
cannot open URL 'https://bioconductor.org/packages/3.14/bioc/src/contrib/PACKAGES'
Warning: unable to access index for repository https://bioconductor.org/packages/3.14/data/annotation/src/contrib:
cannot open URL 'https://bioconductor.org/packages/3.14/data/annotation/src/contrib/PACKAGES'
Warning: unable to access index for repository https://bioconductor.org/packages/3.14/data/experiment/src/contrib:
cannot open URL 'https://bioconductor.org/packages/3.14/data/experiment/src/contrib/PACKAGES'
Flavor: r-oldrel-windows-ix86+x86_64