CRAN Package Check Results for Package BayesCACE

Last updated on 2024-06-13 18:49:41 CEST.

Flavor Version Tinstall Tcheck Ttotal Status Flags
r-devel-linux-x86_64-debian-clang 1.2.3 8.83 100.22 109.05 OK
r-devel-linux-x86_64-debian-gcc 1.2.3 0.41 1.73 2.14 ERROR
r-devel-linux-x86_64-fedora-clang 1.2.3 141.66 OK
r-devel-linux-x86_64-fedora-gcc 1.2.3 148.32 OK
r-devel-windows-x86_64 1.2.3 10.00 89.00 99.00 OK
r-patched-linux-x86_64 1.2.3 10.61 97.46 108.07 OK
r-release-linux-x86_64 1.2.3 7.83 93.49 101.32 OK
r-release-macos-arm64 1.2.3 45.00 OK
r-release-macos-x86_64 1.2.3 91.00 OK
r-release-windows-x86_64 1.2.3 10.00 96.00 106.00 OK
r-oldrel-macos-arm64 1.2.3 50.00 OK
r-oldrel-macos-x86_64 1.2.3 73.00 OK
r-oldrel-windows-x86_64 1.2.3 13.00 104.00 117.00 OK

Check Details

Version: 1.2.3
Check: package dependencies
Result: ERROR Package required but not available: ‘lme4’ See section ‘The DESCRIPTION file’ in the ‘Writing R Extensions’ manual. Flavor: r-devel-linux-x86_64-debian-gcc