CRAN Package Check Results for Package BayesESS

Last updated on 2024-05-19 05:55:44 CEST.

Flavor Version Tinstall Tcheck Ttotal Status Flags
r-devel-linux-x86_64-debian-clang 0.1.19 69.01 86.20 155.21 NOTE
r-devel-linux-x86_64-debian-gcc 0.1.19 49.84 64.92 114.76 NOTE
r-devel-linux-x86_64-fedora-clang 0.1.19 206.94 NOTE
r-devel-linux-x86_64-fedora-gcc 0.1.19 208.94 NOTE
r-devel-windows-x86_64 0.1.19 52.00 98.00 150.00 NOTE
r-patched-linux-x86_64 0.1.19 59.42 79.67 139.09 NOTE
r-release-linux-x86_64 0.1.19 64.59 79.66 144.25 NOTE
r-release-macos-arm64 0.1.19 50.00 NOTE
r-release-windows-x86_64 0.1.19 54.00 102.00 156.00 NOTE
r-oldrel-macos-arm64 0.1.19 59.00 NOTE
r-oldrel-macos-x86_64 0.1.19 95.00 NOTE
r-oldrel-windows-x86_64 0.1.19 62.00 116.00 178.00 NOTE

Check Details

Version: 0.1.19
Check: LazyData
Result: NOTE 'LazyData' is specified without a 'data' directory Flavors: r-devel-linux-x86_64-debian-clang, r-devel-linux-x86_64-debian-gcc, r-devel-linux-x86_64-fedora-clang, r-devel-linux-x86_64-fedora-gcc, r-devel-windows-x86_64, r-patched-linux-x86_64, r-release-linux-x86_64, r-release-macos-arm64, r-release-windows-x86_64, r-oldrel-macos-arm64, r-oldrel-macos-x86_64, r-oldrel-windows-x86_64

Version: 0.1.19
Check: dependencies in R code
Result: NOTE Namespaces in Imports field not imported from: ‘MASS’ ‘MatrixModels’ All declared Imports should be used. Flavors: r-devel-linux-x86_64-fedora-clang, r-devel-linux-x86_64-fedora-gcc