Last updated on 2024-04-19 18:05:19 CEST.
Flavor | Version | Tinstall | Tcheck | Ttotal | Status | Flags |
---|---|---|---|---|---|---|
r-devel-linux-x86_64-debian-clang | 0.2.10 | 57.91 | 121.96 | 179.87 | OK | |
r-devel-linux-x86_64-debian-gcc | 0.2.10 | OK | ||||
r-devel-linux-x86_64-fedora-clang | 0.2.10 | 229.04 | OK | |||
r-devel-linux-x86_64-fedora-gcc | 0.2.10 | 248.15 | OK | |||
r-prerel-macos-arm64 | 0.2.10 | 68.00 | NOTE | |||
r-prerel-windows-x86_64 | 0.2.10 | 45.00 | 129.00 | 174.00 | OK | |
r-patched-linux-x86_64 | 0.2.10 | 50.29 | 116.67 | 166.96 | OK | |
r-release-linux-x86_64 | 0.2.10 | 45.54 | 145.53 | 191.07 | OK | |
r-release-macos-arm64 | 0.2.10 | 74.00 | NOTE | |||
r-release-macos-x86_64 | 0.2.10 | 161.00 | NOTE | |||
r-release-windows-x86_64 | 0.2.10 | 56.00 | 163.00 | 219.00 | OK | |
r-oldrel-macos-arm64 | 0.2.10 | 70.00 | NOTE | |||
r-oldrel-windows-x86_64 | 0.2.10 | 55.00 | 155.00 | 210.00 | OK |
Version: 0.2.10
Check: installed package size
Result: NOTE
installed size is 13.0Mb
sub-directories of 1Mb or more:
libs 12.7Mb
Flavors: r-prerel-macos-arm64, r-release-macos-arm64, r-release-macos-x86_64, r-oldrel-macos-arm64