CRAN Package Check Results for Package BayesLN

Last updated on 2022-05-18 18:52:16 CEST.

Flavor Version Tinstall Tcheck Ttotal Status Flags
r-devel-linux-x86_64-debian-clang 0.2.6 50.54 172.59 223.13 OK
r-devel-linux-x86_64-debian-gcc 0.2.6 41.17 130.83 172.00 OK
r-devel-linux-x86_64-fedora-clang 0.2.6 281.44 NOTE
r-devel-linux-x86_64-fedora-gcc 0.2.6 288.37 OK
r-devel-windows-x86_64 0.2.6 53.00 195.00 248.00 OK
r-patched-linux-x86_64 0.2.6 50.43 177.10 227.53 OK
r-release-linux-x86_64 0.2.6 50.20 179.48 229.68 OK
r-release-macos-arm64 0.2.6 86.00 NOTE
r-release-macos-x86_64 0.2.6 119.00 NOTE
r-release-windows-x86_64 0.2.6 53.00 195.00 248.00 OK
r-oldrel-macos-arm64 0.2.6 81.00 NOTE
r-oldrel-macos-x86_64 0.2.6 118.00 NOTE
r-oldrel-windows-ix86+x86_64 0.2.6 112.00 279.00 391.00 OK

Check Details

Version: 0.2.6
Check: installed package size
Result: NOTE
     installed size is 9.3Mb
     sub-directories of 1Mb or more:
     libs 8.9Mb
Flavors: r-devel-linux-x86_64-fedora-clang, r-release-macos-arm64, r-release-macos-x86_64, r-oldrel-macos-arm64, r-oldrel-macos-x86_64