Last updated on 2025-01-16 11:50:04 CET.
Flavor | Version | Tinstall | Tcheck | Ttotal | Status | Flags |
---|---|---|---|---|---|---|
r-devel-linux-x86_64-debian-clang | 2.1 | 10.17 | 20.75 | 30.92 | NOTE | |
r-devel-linux-x86_64-debian-gcc | 2.1 | 6.52 | 16.90 | 23.42 | NOTE | |
r-devel-linux-x86_64-fedora-clang | 2.1 | 54.69 | NOTE | |||
r-devel-linux-x86_64-fedora-gcc | 2.1 | 50.79 | NOTE | |||
r-devel-windows-x86_64 | 2.1 | 15.00 | 45.00 | 60.00 | NOTE | |
r-patched-linux-x86_64 | 2.1 | 8.99 | 20.10 | 29.09 | NOTE | |
r-release-linux-x86_64 | 2.1 | 8.95 | 20.09 | 29.04 | NOTE | |
r-release-macos-arm64 | 2.1 | 18.00 | NOTE | |||
r-release-macos-x86_64 | 2.1 | 28.00 | NOTE | |||
r-release-windows-x86_64 | 2.1 | 15.00 | 42.00 | 57.00 | NOTE | |
r-oldrel-macos-arm64 | 2.1 | 21.00 | NOTE | |||
r-oldrel-macos-x86_64 | 2.1 | 28.00 | NOTE | |||
r-oldrel-windows-x86_64 | 2.1 | 13.00 | 46.00 | 59.00 | NOTE |
Version: 2.1
Check: package subdirectories
Result: NOTE
Problems with news in ‘NEWS.md’:
No news entries found.
Flavors: r-devel-linux-x86_64-debian-clang, r-devel-linux-x86_64-debian-gcc, r-devel-linux-x86_64-fedora-clang, r-devel-linux-x86_64-fedora-gcc, r-devel-windows-x86_64, r-patched-linux-x86_64, r-release-linux-x86_64, r-release-macos-arm64, r-release-macos-x86_64, r-release-windows-x86_64, r-oldrel-macos-arm64, r-oldrel-macos-x86_64, r-oldrel-windows-x86_64