Last updated on 2024-08-16 11:49:36 CEST.
Flavor | Version | Tinstall | Tcheck | Ttotal | Status | Flags |
---|---|---|---|---|---|---|
r-devel-linux-x86_64-debian-clang | 2.2.1 | 217.51 | 242.11 | 459.62 | OK | |
r-devel-linux-x86_64-debian-gcc | 2.2.1 | 156.96 | 169.38 | 326.34 | OK | |
r-devel-linux-x86_64-fedora-clang | 2.2.1 | 917.70 | OK | |||
r-devel-linux-x86_64-fedora-gcc | 2.2.1 | 929.00 | OK | |||
r-devel-windows-x86_64 | 2.2.1 | 242.00 | 340.00 | 582.00 | NOTE | |
r-patched-linux-x86_64 | 2.2.1 | 221.26 | 241.93 | 463.19 | OK | |
r-release-linux-x86_64 | 2.2.1 | 220.39 | 235.21 | 455.60 | OK | |
r-release-macos-arm64 | 2.2.1 | 223.00 | NOTE | |||
r-release-macos-x86_64 | 2.2.1 | 256.00 | NOTE | |||
r-release-windows-x86_64 | 2.2.1 | 242.00 | 331.00 | 573.00 | NOTE | |
r-oldrel-macos-arm64 | 2.2.1 | 230.00 | NOTE | |||
r-oldrel-macos-x86_64 | 2.2.1 | 360.00 | NOTE | |||
r-oldrel-windows-x86_64 | 2.2.1 | 293.00 | 382.00 | 675.00 | NOTE |
Version: 2.2.1
Check: installed package size
Result: NOTE
installed size is 5.2Mb
sub-directories of 1Mb or more:
doc 2.7Mb
libs 1.7Mb
Flavors: r-devel-windows-x86_64, r-release-macos-arm64, r-release-macos-x86_64, r-release-windows-x86_64, r-oldrel-macos-arm64, r-oldrel-macos-x86_64, r-oldrel-windows-x86_64