Last updated on 2024-04-17 23:55:24 CEST.
Flavor | Version | Tinstall | Tcheck | Ttotal | Status | Flags |
---|---|---|---|---|---|---|
r-devel-linux-x86_64-debian-clang | 0.7.1 | 14.49 | 163.15 | 177.64 | OK | |
r-devel-linux-x86_64-debian-gcc | 0.7.1 | 10.55 | 116.13 | 126.68 | OK | |
r-devel-linux-x86_64-fedora-clang | 0.7.1 | 222.29 | NOTE | |||
r-devel-linux-x86_64-fedora-gcc | 0.7.1 | 210.99 | OK | |||
r-prerel-macos-arm64 | 0.7.1 | 60.00 | NOTE | |||
r-prerel-macos-x86_64 | 0.7.1 | 134.00 | NOTE | |||
r-prerel-windows-x86_64 | 0.7.1 | 13.00 | 122.00 | 135.00 | NOTE | |
r-patched-linux-x86_64 | 0.7.1 | 14.13 | 153.10 | 167.23 | OK | |
r-release-linux-x86_64 | 0.7.1 | 12.51 | 161.40 | 173.91 | OK | |
r-release-macos-arm64 | 0.7.1 | 60.00 | NOTE | |||
r-release-macos-x86_64 | 0.7.1 | 134.00 | NOTE | |||
r-release-windows-x86_64 | 0.7.1 | 18.00 | 160.00 | 178.00 | NOTE | |
r-oldrel-macos-arm64 | 0.7.1 | 57.00 | NOTE | |||
r-oldrel-windows-x86_64 | 0.7.1 | 23.00 | 161.00 | 184.00 | NOTE |
Version: 0.7.1
Check: installed package size
Result: NOTE
installed size is 6.3Mb
sub-directories of 1Mb or more:
help 6.0Mb
Flavors: r-devel-linux-x86_64-fedora-clang, r-prerel-macos-arm64, r-prerel-macos-x86_64, r-prerel-windows-x86_64, r-release-macos-arm64, r-release-macos-x86_64, r-release-windows-x86_64, r-oldrel-macos-arm64, r-oldrel-windows-x86_64