CRAN Package Check Results for Package BayesPPD

Last updated on 2021-10-24 23:51:41 CEST.

Flavor Version Tinstall Tcheck Ttotal Status Flags
r-devel-linux-x86_64-debian-clang 1.0.3 104.26 38.60 142.86 OK
r-devel-linux-x86_64-debian-gcc 1.0.3 87.29 29.98 117.27 OK
r-devel-linux-x86_64-fedora-clang 1.0.3 234.30 NOTE
r-devel-linux-x86_64-fedora-gcc 1.0.3 213.40 NOTE
r-devel-windows-x86_64 1.0.3 138.00 65.00 203.00 OK
r-devel-windows-x86_64-gcc10-UCRT 1.0.3 NOTE
r-patched-linux-x86_64 1.0.3 107.35 38.96 146.31 OK
r-patched-solaris-x86 1.0.3 184.40 NOTE
r-release-linux-x86_64 1.0.3 106.18 39.17 145.35 OK
r-release-macos-arm64 1.0.3 NOTE
r-release-macos-x86_64 1.0.3 NOTE
r-release-windows-ix86+x86_64 1.0.3 189.00 112.00 301.00 OK
r-oldrel-macos-x86_64 1.0.3 NOTE
r-oldrel-windows-ix86+x86_64 1.0.3 266.00 119.00 385.00 OK

Check Details

Version: 1.0.3
Check: installed package size
Result: NOTE
     installed size is 10.7Mb
     sub-directories of 1Mb or more:
     libs 10.5Mb
Flavors: r-devel-linux-x86_64-fedora-clang, r-release-macos-arm64, r-release-macos-x86_64, r-oldrel-macos-x86_64

Version: 1.0.3
Check: dependencies in R code
Result: NOTE
    Namespace in Imports field not imported from: ‘RcppNumerical’
     All declared Imports should be used.
Flavors: r-devel-linux-x86_64-fedora-clang, r-devel-linux-x86_64-fedora-gcc, r-devel-windows-x86_64-gcc10-UCRT, r-patched-solaris-x86, r-release-macos-arm64, r-release-macos-x86_64, r-oldrel-macos-x86_64