Last updated on 2023-09-25 12:01:33 CEST.
Flavor | Version | Tinstall | Tcheck | Ttotal | Status | Flags |
---|---|---|---|---|---|---|
r-devel-linux-x86_64-debian-clang | 2.2 | 145.26 | 177.02 | 322.28 | NOTE | |
r-devel-linux-x86_64-debian-gcc | 2.2 | 101.30 | 131.81 | 233.11 | NOTE | |
r-devel-linux-x86_64-fedora-clang | 2.2 | 447.77 | NOTE | |||
r-devel-linux-x86_64-fedora-gcc | 2.2 | 452.33 | NOTE | |||
r-devel-windows-x86_64 | 2.2 | 108.00 | 184.00 | 292.00 | NOTE | |
r-patched-linux-x86_64 | 2.2 | 136.93 | 166.43 | 303.36 | NOTE | |
r-release-linux-x86_64 | 2.2 | 141.28 | 148.03 | 289.31 | NOTE | |
r-release-macos-arm64 | 2.2 | 151.00 | NOTE | |||
r-release-macos-x86_64 | 2.2 | 235.00 | NOTE | |||
r-release-windows-x86_64 | 2.2 | 134.00 | 210.00 | 344.00 | NOTE | |
r-oldrel-macos-arm64 | 2.2 | 147.00 | NOTE | |||
r-oldrel-macos-x86_64 | 2.2 | 164.00 | NOTE | |||
r-oldrel-windows-x86_64 | 2.2 | 130.00 | 212.00 | 342.00 | OK |
Version: 2.2
Check: C++ specification
Result: NOTE
Specified C++11: please drop specification unless essential
Flavors: r-devel-linux-x86_64-debian-clang, r-devel-linux-x86_64-debian-gcc, r-devel-linux-x86_64-fedora-clang, r-devel-linux-x86_64-fedora-gcc, r-devel-windows-x86_64, r-patched-linux-x86_64, r-release-linux-x86_64, r-release-macos-arm64, r-release-macos-x86_64, r-release-windows-x86_64
Version: 2.2
Check: installed package size
Result: NOTE
installed size is 8.4Mb
sub-directories of 1Mb or more:
libs 7.9Mb
Flavors: r-release-macos-arm64, r-release-macos-x86_64, r-oldrel-macos-arm64, r-oldrel-macos-x86_64