Last updated on 2024-08-31 23:48:59 CEST.
Flavor | Version | Tinstall | Tcheck | Ttotal | Status | Flags |
---|---|---|---|---|---|---|
r-devel-linux-x86_64-debian-clang | 1.1.0 | 7.09 | 71.58 | 78.67 | OK | |
r-devel-linux-x86_64-debian-gcc | 1.1.0 | 5.17 | 49.45 | 54.62 | OK | |
r-devel-linux-x86_64-fedora-clang | 1.1.0 | 129.72 | NOTE | |||
r-devel-linux-x86_64-fedora-gcc | 1.1.0 | 140.29 | NOTE | |||
r-devel-windows-x86_64 | 1.1.0 | 7.00 | 93.00 | 100.00 | OK | |
r-patched-linux-x86_64 | 1.1.0 | 7.47 | 63.70 | 71.17 | OK | |
r-release-linux-x86_64 | 1.1.0 | 6.33 | 63.43 | 69.76 | OK | |
r-release-macos-arm64 | 1.1.0 | 50.00 | OK | |||
r-release-macos-x86_64 | 1.1.0 | 79.00 | OK | |||
r-release-windows-x86_64 | 1.1.0 | 7.00 | 95.00 | 102.00 | OK | |
r-oldrel-macos-arm64 | 1.1.0 | 53.00 | OK | |||
r-oldrel-macos-x86_64 | 1.1.0 | 91.00 | OK | |||
r-oldrel-windows-x86_64 | 1.1.0 | 9.00 | 98.00 | 107.00 | OK |
Version: 1.1.0
Check: dependencies in R code
Result: NOTE
Namespaces in Imports field not imported from:
‘MASS’ ‘Matrix’ ‘matrixcalc’ ‘stats’
All declared Imports should be used.
Flavors: r-devel-linux-x86_64-fedora-clang, r-devel-linux-x86_64-fedora-gcc