Last updated on 2024-08-31 23:48:59 CEST.
Flavor | Version | Tinstall | Tcheck | Ttotal | Status | Flags |
---|---|---|---|---|---|---|
r-devel-linux-x86_64-debian-clang | 0.1.5 | 579.77 | 179.06 | 758.83 | NOTE | |
r-devel-linux-x86_64-debian-gcc | 0.1.5 | 543.60 | 170.50 | 714.10 | NOTE | |
r-devel-linux-x86_64-fedora-clang | 0.1.5 | 1204.00 | NOTE | |||
r-devel-linux-x86_64-fedora-gcc | 0.1.5 | 1720.63 | NOTE | |||
r-devel-windows-x86_64 | 0.1.5 | 584.00 | 246.00 | 830.00 | NOTE | |
r-patched-linux-x86_64 | 0.1.5 | 683.44 | 226.84 | 910.28 | NOTE | |
r-release-linux-x86_64 | 0.1.5 | 665.06 | 225.35 | 890.41 | NOTE | |
r-release-macos-arm64 | 0.1.5 | 313.00 | NOTE | |||
r-release-macos-x86_64 | 0.1.5 | 410.00 | NOTE | |||
r-release-windows-x86_64 | 0.1.5 | 560.00 | 255.00 | 815.00 | NOTE | |
r-oldrel-macos-arm64 | 0.1.5 | 347.00 | NOTE | |||
r-oldrel-macos-x86_64 | 0.1.5 | 528.00 | NOTE | |||
r-oldrel-windows-x86_64 | 0.1.5 | 737.00 | 291.00 | 1028.00 | NOTE |
Version: 0.1.5
Check: for GNU extensions in Makefiles
Result: NOTE
GNU make is a SystemRequirements.
Flavors: r-devel-linux-x86_64-debian-clang, r-devel-linux-x86_64-debian-gcc, r-devel-linux-x86_64-fedora-clang, r-devel-linux-x86_64-fedora-gcc, r-devel-windows-x86_64, r-patched-linux-x86_64, r-release-linux-x86_64, r-release-macos-arm64, r-release-macos-x86_64, r-release-windows-x86_64, r-oldrel-macos-arm64, r-oldrel-macos-x86_64, r-oldrel-windows-x86_64
Version: 0.1.5
Check: installed package size
Result: NOTE
installed size is 6.7Mb
sub-directories of 1Mb or more:
libs 6.3Mb
Flavors: r-devel-linux-x86_64-fedora-clang, r-devel-windows-x86_64, r-release-macos-arm64, r-release-macos-x86_64, r-release-windows-x86_64, r-oldrel-macos-arm64, r-oldrel-macos-x86_64, r-oldrel-windows-x86_64
Version: 0.1.5
Check: dependencies in R code
Result: NOTE
Namespaces in Imports field not imported from:
‘RcppParallel’ ‘rstantools’
All declared Imports should be used.
Flavors: r-devel-linux-x86_64-fedora-clang, r-devel-linux-x86_64-fedora-gcc