CRAN Package Check Results for Package BayesTree

Last updated on 2024-06-18 11:54:40 CEST.

Flavor Version Tinstall Tcheck Ttotal Status Flags
r-devel-linux-x86_64-debian-clang 0.3-1.5 22.75 30.47 53.22 OK
r-devel-linux-x86_64-debian-gcc 0.3-1.5 15.13 23.68 38.81 OK
r-devel-linux-x86_64-fedora-clang 0.3-1.5 88.09 NOTE
r-devel-linux-x86_64-fedora-gcc 0.3-1.5 69.74 NOTE
r-devel-windows-x86_64 0.3-1.5 21.00 63.00 84.00 OK
r-patched-linux-x86_64 0.3-1.5 17.95 30.20 48.15 OK
r-release-linux-x86_64 0.3-1.5 17.95 30.67 48.62 OK
r-release-macos-arm64 0.3-1.5 23.00 OK
r-release-macos-x86_64 0.3-1.5 30.00 OK
r-release-windows-x86_64 0.3-1.5 21.00 61.00 82.00 OK
r-oldrel-macos-arm64 0.3-1.5 30.00 OK
r-oldrel-macos-x86_64 0.3-1.5 77.00 OK
r-oldrel-windows-x86_64 0.3-1.5 20.00 71.00 91.00 OK

Check Details

Version: 0.3-1.5
Check: compiled code
Result: NOTE File ‘BayesTree/libs/BayesTree.so’: Found no calls to: ‘R_registerRoutines’, ‘R_useDynamicSymbols’ It is good practice to register native routines and to disable symbol search. See ‘Writing portable packages’ in the ‘Writing R Extensions’ manual. Flavors: r-devel-linux-x86_64-fedora-clang, r-devel-linux-x86_64-fedora-gcc