CRAN Package Check Results for Package BayesianGLasso

Last updated on 2022-01-24 17:49:48 CET.

Flavor Version Tinstall Tcheck Ttotal Status Flags
r-devel-linux-x86_64-debian-clang 0.2.0 1.78 28.99 30.77 NOTE
r-devel-linux-x86_64-debian-gcc 0.2.0 1.33 22.57 23.90 NOTE
r-devel-linux-x86_64-fedora-clang 0.2.0 39.46 NOTE
r-devel-linux-x86_64-fedora-gcc 0.2.0 28.77 NOTE
r-devel-windows-x86_64-new-UL 0.2.0 21.00 46.00 67.00 NOTE
r-devel-windows-x86_64-new-TK 0.2.0 NOTE
r-patched-linux-x86_64 0.2.0 1.39 28.28 29.67 NOTE
r-release-linux-x86_64 0.2.0 1.90 28.42 30.32 NOTE
r-release-macos-arm64 0.2.0 NOTE
r-release-macos-x86_64 0.2.0 NOTE
r-release-windows-ix86+x86_64 0.2.0 5.00 37.00 42.00 NOTE
r-oldrel-macos-x86_64 0.2.0 OK
r-oldrel-windows-ix86+x86_64 0.2.0 5.00 37.00 42.00 OK

Check Details

Version: 0.2.0
Check: LazyData
Result: NOTE
     'LazyData' is specified without a 'data' directory
Flavors: r-devel-linux-x86_64-debian-clang, r-devel-linux-x86_64-debian-gcc, r-devel-linux-x86_64-fedora-clang, r-devel-linux-x86_64-fedora-gcc, r-devel-windows-x86_64-new-UL, r-devel-windows-x86_64-new-TK, r-patched-linux-x86_64, r-release-linux-x86_64, r-release-macos-arm64, r-release-macos-x86_64, r-release-windows-ix86+x86_64