Last updated on 2023-09-26 01:06:15 CEST.
Flavor | Version | Tinstall | Tcheck | Ttotal | Status | Flags |
---|---|---|---|---|---|---|
r-devel-linux-x86_64-debian-clang | 0.1.8 | 37.25 | 289.16 | 326.41 | OK | |
r-devel-linux-x86_64-debian-gcc | 0.1.8 | 28.65 | 208.02 | 236.67 | OK | |
r-devel-linux-x86_64-fedora-clang | 0.1.8 | 392.30 | OK | |||
r-devel-linux-x86_64-fedora-gcc | 0.1.8 | 430.69 | OK | |||
r-devel-windows-x86_64 | 0.1.8 | 34.00 | 244.00 | 278.00 | OK | |
r-patched-linux-x86_64 | 0.1.8 | 32.66 | 274.15 | 306.81 | OK | |
r-release-linux-x86_64 | 0.1.8 | 24.44 | 275.61 | 300.05 | OK | |
r-release-macos-arm64 | 0.1.8 | 111.00 | OK | |||
r-release-macos-x86_64 | 0.1.8 | 182.00 | NOTE | |||
r-release-windows-x86_64 | 0.1.8 | 41.00 | 299.00 | 340.00 | OK | |
r-oldrel-macos-arm64 | 0.1.8 | 72.00 | OK | |||
r-oldrel-macos-x86_64 | 0.1.8 | 130.00 | OK | |||
r-oldrel-windows-x86_64 | 0.1.8 | 40.00 | 285.00 | 325.00 | OK |
Version: 0.1.8
Check: package dependencies
Result: NOTE
Package suggested but not available for checking: ‘sensitivity’
Flavor: r-release-macos-x86_64