Last updated on 2024-04-25 00:55:48 CEST.
Flavor | Version | Tinstall | Tcheck | Ttotal | Status | Flags |
---|---|---|---|---|---|---|
r-devel-linux-x86_64-debian-clang | 1.1.3 | 352.13 | 387.60 | 739.73 | OK | |
r-devel-linux-x86_64-debian-gcc | 1.1.3 | 312.92 | 367.90 | 680.82 | OK | |
r-devel-linux-x86_64-fedora-clang | 1.1.3 | 886.66 | NOTE | |||
r-devel-linux-x86_64-fedora-gcc | 1.1.3 | 1244.59 | NOTE | |||
r-devel-windows-x86_64 | 1.1.3 | 250.00 | 511.00 | 761.00 | NOTE | |
r-patched-linux-x86_64 | 1.1.3 | 242.32 | 510.83 | 753.15 | OK | |
r-release-linux-x86_64 | 1.1.3 | 0.02 | 2.24 | 2.26 | ERROR | |
r-release-macos-arm64 | 1.1.3 | 250.00 | NOTE | |||
r-release-windows-x86_64 | 1.1.3 | 241.00 | 402.00 | 643.00 | NOTE | |
r-oldrel-macos-arm64 | 1.1.3 | 328.00 | NOTE | |||
r-oldrel-macos-x86_64 | 1.1.3 | 694.00 | NOTE | |||
r-oldrel-windows-x86_64 | 1.1.3 | 318.00 | 532.00 | 850.00 | NOTE |
Version: 1.1.3
Check: installed package size
Result: NOTE
installed size is 5.8Mb
sub-directories of 1Mb or more:
data 1.7Mb
libs 3.5Mb
Flavors: r-devel-linux-x86_64-fedora-clang, r-devel-windows-x86_64, r-release-macos-arm64, r-release-windows-x86_64, r-oldrel-macos-arm64, r-oldrel-macos-x86_64, r-oldrel-windows-x86_64
Version: 1.1.3
Check: for GNU extensions in Makefiles
Result: NOTE
GNU make is a SystemRequirements.
Flavors: r-devel-linux-x86_64-fedora-clang, r-devel-linux-x86_64-fedora-gcc, r-release-macos-arm64, r-oldrel-macos-arm64, r-oldrel-macos-x86_64
Version: 1.1.3
Check: whether package can be installed
Result: ERROR
Installation failed.
Flavor: r-release-linux-x86_64