Last updated on 2025-02-01 11:49:21 CET.
Flavor | Version | Tinstall | Tcheck | Ttotal | Status | Flags |
---|---|---|---|---|---|---|
r-devel-linux-x86_64-debian-clang | 1.1.5 | 174.91 | 122.63 | 297.54 | ERROR | |
r-devel-linux-x86_64-debian-gcc | 1.1.5 | 162.58 | 99.89 | 262.47 | OK | |
r-devel-linux-x86_64-fedora-clang | 1.1.5 | 484.32 | OK | |||
r-devel-linux-x86_64-fedora-gcc | 1.1.5 | 630.97 | OK | |||
r-devel-windows-x86_64 | 1.1.5 | 158.00 | 164.00 | 322.00 | OK | |
r-patched-linux-x86_64 | 1.1.5 | 212.22 | 133.05 | 345.27 | OK | |
r-release-linux-x86_64 | 1.1.5 | 211.85 | 134.22 | 346.07 | OK | |
r-release-macos-arm64 | 1.1.5 | 133.00 | NOTE | |||
r-release-macos-x86_64 | 1.1.5 | 270.00 | NOTE | |||
r-release-windows-x86_64 | 1.1.5 | 167.00 | 169.00 | 336.00 | OK | |
r-oldrel-macos-arm64 | 1.1.5 | 125.00 | NOTE | |||
r-oldrel-macos-x86_64 | 1.1.5 | 230.00 | NOTE | |||
r-oldrel-windows-x86_64 | 1.1.5 | 217.00 | 200.00 | 417.00 | OK |
Version: 1.1.5
Check: examples
Result: ERROR
Running examples in ‘Bernadette-Ex.R’ failed
The error most likely occurred in:
> base::assign(".ptime", proc.time(), pos = "CheckExEnv")
> ### Name: age_distribution
> ### Title: Country-specific age distribution
> ### Aliases: age_distribution
>
> ### ** Examples
>
> # Age distribution for Greece in 2020:
> age_distr <- age_distribution(country = "Greece", year = 2020)
Warning in load(base::url(data_path)) :
cannot open URL 'https://github.com//kieshaprem//synthetic-contact-matrices//raw//master//generate_synthetic_matrices//input//pop//poptotal.rdata': HTTP status was '503 Service Unavailable'
Error in load(base::url(data_path)) :
cannot open the connection to 'https://github.com//kieshaprem//synthetic-contact-matrices//raw//master//generate_synthetic_matrices//input//pop//poptotal.rdata'
Calls: age_distribution -> %in% -> countries_un -> load
Execution halted
Flavor: r-devel-linux-x86_64-debian-clang
Version: 1.1.5
Check: installed package size
Result: NOTE
installed size is 62.8Mb
sub-directories of 1Mb or more:
libs 62.2Mb
Flavors: r-release-macos-arm64, r-release-macos-x86_64, r-oldrel-macos-arm64, r-oldrel-macos-x86_64
Version: 1.1.5
Check: for GNU extensions in Makefiles
Result: NOTE
GNU make is a SystemRequirements.
Flavors: r-release-macos-arm64, r-release-macos-x86_64, r-oldrel-macos-arm64, r-oldrel-macos-x86_64