CRAN Package Check Results for Package BiTrinA

Last updated on 2020-10-22 11:49:23 CEST.

Flavor Version Tinstall Tcheck Ttotal Status Flags
r-devel-linux-x86_64-debian-clang 1.3 8.78 42.38 51.16 OK
r-devel-linux-x86_64-debian-gcc 1.3 6.49 33.62 40.11 OK
r-devel-linux-x86_64-fedora-clang 1.3 71.58 NOTE
r-devel-linux-x86_64-fedora-gcc 1.3 61.64 OK
r-devel-windows-ix86+x86_64 1.3 24.00 89.00 113.00 OK
r-patched-linux-x86_64 1.3 8.23 41.00 49.23 OK
r-patched-solaris-x86 1.3 87.10 OK
r-release-linux-x86_64 1.3 7.47 41.30 48.77 OK
r-release-macos-x86_64 1.3 OK
r-release-windows-ix86+x86_64 1.3 20.00 87.00 107.00 OK
r-oldrel-macos-x86_64 1.3 OK
r-oldrel-windows-ix86+x86_64 1.3 19.00 96.00 115.00 OK

Check Details

Version: 1.3
Check: Rd cross-references
Result: NOTE
    Undeclared package ‘BoolNet’ in Rd xrefs
Flavor: r-devel-linux-x86_64-fedora-clang