CRAN Package Check Results for Package BigVAR

Last updated on 2024-05-25 11:49:26 CEST.

Flavor Version Tinstall Tcheck Ttotal Status Flags
r-devel-linux-x86_64-debian-clang 1.1.2 110.07 369.14 479.21 NOTE
r-devel-linux-x86_64-debian-gcc 1.1.2 79.63 249.22 328.85 NOTE
r-devel-linux-x86_64-fedora-clang 1.1.2 579.95 NOTE
r-devel-linux-x86_64-fedora-gcc 1.1.2 611.04 NOTE
r-devel-windows-x86_64 1.1.2 75.00 260.00 335.00 NOTE
r-patched-linux-x86_64 1.1.2 91.97 343.05 435.02 NOTE
r-release-linux-x86_64 1.1.2 98.38 348.82 447.20 NOTE
r-release-macos-arm64 1.1.2 177.00 ERROR
r-release-windows-x86_64 1.1.2 75.00 264.00 339.00 NOTE
r-oldrel-macos-arm64 1.1.2 211.00 NOTE
r-oldrel-macos-x86_64 1.1.2 268.00 NOTE
r-oldrel-windows-x86_64 1.1.2 94.00 330.00 424.00 NOTE

Check Details

Version: 1.1.2
Check: C++ specification
Result: NOTE Specified C++11: please drop specification unless essential Flavors: r-devel-linux-x86_64-debian-clang, r-devel-linux-x86_64-debian-gcc, r-devel-linux-x86_64-fedora-clang, r-devel-linux-x86_64-fedora-gcc, r-devel-windows-x86_64, r-patched-linux-x86_64, r-release-linux-x86_64, r-release-macos-arm64, r-release-windows-x86_64, r-oldrel-macos-arm64, r-oldrel-macos-x86_64, r-oldrel-windows-x86_64

Version: 1.1.2
Check: Rd files
Result: NOTE checkRd: (-1) VARXFit.Rd:21: Lost braces in \itemize; \value handles \item{}{} directly checkRd: (-1) VARXFit.Rd:22: Lost braces in \itemize; \value handles \item{}{} directly checkRd: (-1) VARXFit.Rd:23: Lost braces in \itemize; \value handles \item{}{} directly checkRd: (-1) VARXFit.Rd:24: Lost braces in \itemize; \value handles \item{}{} directly checkRd: (-1) VARXFit.Rd:25: Lost braces in \itemize; \value handles \item{}{} directly checkRd: (-1) VARXFit.Rd:26: Lost braces in \itemize; \value handles \item{}{} directly checkRd: (-1) VARXLagCons.Rd:25: Lost braces in \itemize; \value handles \item{}{} directly checkRd: (-1) VARXLagCons.Rd:26: Lost braces in \itemize; \value handles \item{}{} directly Flavors: r-devel-linux-x86_64-debian-clang, r-devel-linux-x86_64-debian-gcc, r-devel-linux-x86_64-fedora-clang, r-devel-linux-x86_64-fedora-gcc, r-devel-windows-x86_64, r-patched-linux-x86_64, r-release-linux-x86_64, r-release-macos-arm64, r-release-windows-x86_64

Version: 1.1.2
Check: installed package size
Result: NOTE installed size is 19.0Mb sub-directories of 1Mb or more: doc 1.1Mb libs 17.3Mb Flavors: r-release-macos-arm64, r-oldrel-macos-arm64, r-oldrel-macos-x86_64

Version: 1.1.2
Check: re-building of vignette outputs
Result: ERROR Error(s) in re-building vignettes: ... --- re-building ‘BigVAR.Rmd’ using rmarkdown Quitting from lines 733-784 [unnamed-chunk-26] (BigVAR.Rmd) Error: processing vignette 'BigVAR.Rmd' failed with diagnostics: Unable to import "GDP". Timeout was reached: [fred.stlouisfed.org] Resolving timed out after 10000 milliseconds --- failed re-building ‘BigVAR.Rmd’ SUMMARY: processing the following file failed: ‘BigVAR.Rmd’ Error: Vignette re-building failed. Execution halted Flavor: r-release-macos-arm64