Last updated on 2024-08-31 23:48:59 CEST.
Flavor | Version | Tinstall | Tcheck | Ttotal | Status | Flags |
---|---|---|---|---|---|---|
r-devel-linux-x86_64-debian-clang | 0.1 | 1.94 | 35.13 | 37.07 | NOTE | |
r-devel-linux-x86_64-debian-gcc | 0.1 | 1.50 | 23.37 | 24.87 | NOTE | |
r-devel-linux-x86_64-fedora-clang | 0.1 | 60.40 | NOTE | |||
r-devel-linux-x86_64-fedora-gcc | 0.1 | 57.42 | NOTE | |||
r-devel-windows-x86_64 | 0.1 | 3.00 | 57.00 | 60.00 | NOTE | |
r-patched-linux-x86_64 | 0.1 | 1.92 | 32.13 | 34.05 | NOTE | |
r-release-linux-x86_64 | 0.1 | 1.72 | 32.43 | 34.15 | NOTE | |
r-release-macos-arm64 | 0.1 | 21.00 | NOTE | |||
r-release-macos-x86_64 | 0.1 | 31.00 | NOTE | |||
r-release-windows-x86_64 | 0.1 | 3.00 | 56.00 | 59.00 | NOTE | |
r-oldrel-macos-arm64 | 0.1 | 22.00 | NOTE | |||
r-oldrel-macos-x86_64 | 0.1 | 34.00 | NOTE | |||
r-oldrel-windows-x86_64 | 0.1 | 3.00 | 62.00 | 65.00 | NOTE |
Version: 0.1
Check: LazyData
Result: NOTE
'LazyData' is specified without a 'data' directory
Flavors: r-devel-linux-x86_64-debian-clang, r-devel-linux-x86_64-debian-gcc, r-devel-linux-x86_64-fedora-clang, r-devel-linux-x86_64-fedora-gcc, r-devel-windows-x86_64, r-patched-linux-x86_64, r-release-linux-x86_64, r-release-macos-arm64, r-release-macos-x86_64, r-release-windows-x86_64, r-oldrel-macos-arm64, r-oldrel-macos-x86_64, r-oldrel-windows-x86_64