CRAN Package Check Results for Package BioCircos

Last updated on 2020-12-02 05:48:00 CET.

Flavor Version Tinstall Tcheck Ttotal Status Flags
r-devel-linux-x86_64-debian-clang 0.3.4 4.19 38.13 42.32 OK
r-devel-linux-x86_64-debian-gcc 0.3.4 3.44 29.59 33.03 OK
r-devel-linux-x86_64-fedora-clang 0.3.4 58.59 OK
r-devel-linux-x86_64-fedora-gcc 0.3.4 48.19 OK
r-devel-windows-ix86+x86_64 0.3.4 9.00 60.00 69.00 OK
r-patched-linux-x86_64 0.3.4 4.08 36.40 40.48 OK
r-patched-solaris-x86 0.3.4 65.30 WARN
r-release-linux-x86_64 0.3.4 3.83 37.25 41.08 OK
r-release-macos-x86_64 0.3.4 WARN
r-release-windows-ix86+x86_64 0.3.4 9.00 44.00 53.00 OK
r-oldrel-macos-x86_64 0.3.4 WARN
r-oldrel-windows-ix86+x86_64 0.3.4 5.00 58.00 63.00 OK

Check Details

Version: 0.3.4
Check: re-building of vignette outputs
Result: WARN
    Error(s) in re-building vignettes:
     ...
    --- re-building ‘BioCircos.Rmd’ using rmarkdown
    Warning in engine$weave(file, quiet = quiet, encoding = enc) :
     Pandoc (>= 1.12.3) and/or pandoc-citeproc not available. Falling back to R Markdown v1.
    Quitting from lines 64-67 (BioCircos.Rmd)
    Error: processing vignette 'BioCircos.Rmd' failed with diagnostics:
    there is no package called 'webshot'
    --- failed re-building ‘BioCircos.Rmd’
    
    SUMMARY: processing the following file failed:
     ‘BioCircos.Rmd’
    
    Error: Vignette re-building failed.
    Execution halted
Flavor: r-patched-solaris-x86

Version: 0.3.4
Check: re-building of vignette outputs
Result: WARN
    Error(s) in re-building vignettes:
     ...
    --- re-building ‘BioCircos.Rmd’ using rmarkdown
    Warning in engine$weave(file, quiet = quiet, encoding = enc) :
     Pandoc (>= 1.12.3) and/or pandoc-citeproc not available. Falling back to R Markdown v1.
    Quitting from lines 64-67 (BioCircos.Rmd)
    Error: processing vignette 'BioCircos.Rmd' failed with diagnostics:
    cannot open the connection
    --- failed re-building ‘BioCircos.Rmd’
    
    SUMMARY: processing the following file failed:
     ‘BioCircos.Rmd’
    
    Error: Vignette re-building failed.
    Execution halted
Flavors: r-release-macos-x86_64, r-oldrel-macos-x86_64