CRAN Package Check Results for Package BlockCov

Last updated on 2023-03-30 05:49:04 CEST.

Flavor Version Tinstall Tcheck Ttotal Status Flags
r-devel-linux-x86_64-debian-clang 0.1.1 12.20 95.41 107.61 NOTE
r-devel-linux-x86_64-debian-gcc 0.1.1 8.42 72.25 80.67 NOTE
r-devel-linux-x86_64-fedora-clang 0.1.1 131.93 NOTE
r-devel-linux-x86_64-fedora-gcc 0.1.1 175.58 NOTE
r-devel-windows-x86_64 0.1.1 25.00 0.00 25.00 NOTE
r-patched-linux-x86_64 0.1.1 11.33 89.43 100.76 NOTE
r-release-linux-x86_64 0.1.1 10.99 91.75 102.74 NOTE
r-release-macos-arm64 0.1.1 42.00 NOTE
r-release-macos-x86_64 0.1.1 86.00 NOTE
r-release-windows-x86_64 0.1.1 22.00 121.00 143.00 NOTE
r-oldrel-macos-arm64 0.1.1 51.00 NOTE
r-oldrel-macos-x86_64 0.1.1 84.00 NOTE
r-oldrel-windows-ix86+x86_64 0.1.1 24.00 117.00 141.00 NOTE

Check Details

Version: 0.1.1
Check: LazyData
Result: NOTE
     'LazyData' is specified without a 'data' directory
Flavors: r-devel-linux-x86_64-debian-clang, r-devel-linux-x86_64-debian-gcc, r-devel-linux-x86_64-fedora-clang, r-devel-linux-x86_64-fedora-gcc, r-devel-windows-x86_64, r-patched-linux-x86_64, r-release-linux-x86_64, r-release-macos-arm64, r-release-macos-x86_64, r-release-windows-x86_64, r-oldrel-macos-arm64, r-oldrel-macos-x86_64, r-oldrel-windows-ix86+x86_64