Last updated on 2024-08-16 11:49:36 CEST.
Flavor | Version | Tinstall | Tcheck | Ttotal | Status | Flags |
---|---|---|---|---|---|---|
r-devel-linux-x86_64-debian-clang | 0.1.1 | 8.70 | 72.94 | 81.64 | NOTE | |
r-devel-linux-x86_64-debian-gcc | 0.1.1 | 6.66 | 53.97 | 60.63 | NOTE | |
r-devel-linux-x86_64-fedora-clang | 0.1.1 | 133.30 | NOTE | |||
r-devel-linux-x86_64-fedora-gcc | 0.1.1 | 154.32 | NOTE | |||
r-devel-windows-x86_64 | 0.1.1 | 10.00 | 91.00 | 101.00 | NOTE | |
r-patched-linux-x86_64 | 0.1.1 | 7.67 | 68.97 | 76.64 | NOTE | |
r-release-linux-x86_64 | 0.1.1 | 7.97 | 68.55 | 76.52 | NOTE | |
r-release-macos-arm64 | 0.1.1 | 48.00 | NOTE | |||
r-release-macos-x86_64 | 0.1.1 | 76.00 | NOTE | |||
r-release-windows-x86_64 | 0.1.1 | 9.00 | 80.00 | 89.00 | NOTE | |
r-oldrel-macos-arm64 | 0.1.1 | 53.00 | NOTE | |||
r-oldrel-macos-x86_64 | 0.1.1 | 84.00 | NOTE | |||
r-oldrel-windows-x86_64 | 0.1.1 | 13.00 | 99.00 | 112.00 | NOTE |
Version: 0.1.1
Check: LazyData
Result: NOTE
'LazyData' is specified without a 'data' directory
Flavors: r-devel-linux-x86_64-debian-clang, r-devel-linux-x86_64-debian-gcc, r-devel-linux-x86_64-fedora-clang, r-devel-linux-x86_64-fedora-gcc, r-devel-windows-x86_64, r-patched-linux-x86_64, r-release-linux-x86_64, r-release-macos-arm64, r-release-macos-x86_64, r-release-windows-x86_64, r-oldrel-macos-arm64, r-oldrel-macos-x86_64, r-oldrel-windows-x86_64