CRAN Package Check Results for Package Bmix

Last updated on 2019-02-24 00:07:54 CET.

Flavor Version Tinstall Tcheck Ttotal Status Flags
r-devel-linux-x86_64-debian-clang 0.6 10.10 18.53 28.63 OK
r-devel-linux-x86_64-debian-gcc 0.6 6.83 14.90 21.73 OK
r-devel-linux-x86_64-fedora-clang 0.6 39.27 NOTE
r-devel-linux-x86_64-fedora-gcc 0.6 32.74 NOTE
r-devel-windows-ix86+x86_64 0.6 30.00 65.00 95.00 OK
r-patched-linux-x86_64 0.6 7.69 17.23 24.92 OK
r-patched-solaris-x86 0.6 47.10 OK
r-release-linux-x86_64 0.6 8.14 17.37 25.51 OK
r-release-windows-ix86+x86_64 0.6 24.00 44.00 68.00 OK
r-release-osx-x86_64 0.6 OK
r-oldrel-windows-ix86+x86_64 0.6 23.00 51.00 74.00 OK
r-oldrel-osx-x86_64 0.6 OK

Check Details

Version: 0.6
Check: compiled code
Result: NOTE
    File ‘Bmix/libs/Bmix.so’:
     Found no calls to: ‘R_registerRoutines’, ‘R_useDynamicSymbols’
    
    It is good practice to register native routines and to disable symbol
    search.
    
    See ‘Writing portable packages’ in the ‘Writing R Extensions’ manual.
Flavors: r-devel-linux-x86_64-fedora-clang, r-devel-linux-x86_64-fedora-gcc