CRAN Package Check Results for Package Bmix

Last updated on 2019-07-16 05:48:06 CEST.

Flavor Version Tinstall Tcheck Ttotal Status Flags
r-devel-linux-x86_64-debian-clang 0.6 9.88 18.15 28.03 OK
r-devel-linux-x86_64-debian-gcc 0.6 6.88 15.09 21.97 OK
r-devel-linux-x86_64-fedora-clang 0.6 37.51 NOTE
r-devel-linux-x86_64-fedora-gcc 0.6 33.50 NOTE
r-devel-windows-ix86+x86_64 0.6 33.00 48.00 81.00 OK
r-patched-linux-x86_64 0.6 8.84 18.21 27.05 OK
r-patched-solaris-x86 0.6 55.10 OK
r-release-linux-x86_64 0.6 8.96 17.97 26.93 OK
r-release-windows-ix86+x86_64 0.6 25.00 48.00 73.00 OK
r-release-osx-x86_64 0.6 OK
r-oldrel-windows-ix86+x86_64 0.6 23.00 41.00 64.00 OK
r-oldrel-osx-x86_64 0.6 OK

Check Details

Version: 0.6
Check: compiled code
Result: NOTE
    File ‘Bmix/libs/Bmix.so’:
     Found no calls to: ‘R_registerRoutines’, ‘R_useDynamicSymbols’
    
    It is good practice to register native routines and to disable symbol
    search.
    
    See ‘Writing portable packages’ in the ‘Writing R Extensions’ manual.
Flavors: r-devel-linux-x86_64-fedora-clang, r-devel-linux-x86_64-fedora-gcc