CRAN Package Check Results for Package Bmix

Last updated on 2019-04-19 17:49:47 CEST.

Flavor Version Tinstall Tcheck Ttotal Status Flags
r-devel-linux-x86_64-debian-clang 0.6 9.34 18.25 27.59 OK
r-devel-linux-x86_64-debian-gcc 0.6 6.93 15.08 22.01 OK
r-devel-linux-x86_64-fedora-clang 0.6 40.90 NOTE
r-devel-linux-x86_64-fedora-gcc 0.6 34.44 NOTE
r-devel-windows-ix86+x86_64 0.6 28.00 46.00 74.00 OK
r-patched-linux-x86_64 0.6 8.67 18.10 26.77 OK
r-patched-solaris-x86 0.6 53.30 OK
r-release-linux-x86_64 0.6 8.21 17.25 25.46 OK
r-release-windows-ix86+x86_64 0.6 24.00 42.00 66.00 OK
r-release-osx-x86_64 0.6 OK
r-oldrel-windows-ix86+x86_64 0.6 23.00 51.00 74.00 OK
r-oldrel-osx-x86_64 0.6 OK

Check Details

Version: 0.6
Check: compiled code
Result: NOTE
    File ‘Bmix/libs/Bmix.so’:
     Found no calls to: ‘R_registerRoutines’, ‘R_useDynamicSymbols’
    
    It is good practice to register native routines and to disable symbol
    search.
    
    See ‘Writing portable packages’ in the ‘Writing R Extensions’ manual.
Flavors: r-devel-linux-x86_64-fedora-clang, r-devel-linux-x86_64-fedora-gcc