Last updated on 2024-04-18 11:50:56 CEST.
Flavor | Version | Tinstall | Tcheck | Ttotal | Status | Flags |
---|---|---|---|---|---|---|
r-devel-linux-x86_64-debian-clang | 0.2-41 | 5.54 | 52.71 | 58.25 | NOTE | |
r-devel-linux-x86_64-debian-gcc | 0.2-41 | 5.05 | 37.90 | 42.95 | NOTE | |
r-devel-linux-x86_64-fedora-clang | 0.2-41 | 72.60 | NOTE | |||
r-devel-linux-x86_64-fedora-gcc | 0.2-41 | 69.69 | NOTE | |||
r-prerel-macos-arm64 | 0.2-41 | 25.00 | OK | |||
r-prerel-windows-x86_64 | 0.2-41 | 5.00 | 67.00 | 72.00 | NOTE | |
r-patched-linux-x86_64 | 0.2-41 | 5.04 | 49.18 | 54.22 | NOTE | |
r-release-linux-x86_64 | 0.2-41 | 4.94 | 50.03 | 54.97 | OK | |
r-release-macos-arm64 | 0.2-41 | 26.00 | OK | |||
r-release-macos-x86_64 | 0.2-41 | 38.00 | OK | |||
r-release-windows-x86_64 | 0.2-41 | 7.00 | 74.00 | 81.00 | OK | |
r-oldrel-macos-arm64 | 0.2-41 | 24.00 | OK | |||
r-oldrel-windows-x86_64 | 0.2-41 | 8.00 | 67.00 | 75.00 | OK |
Version: 0.2-41
Check: HTML version of manual
Result: NOTE
Found the following HTML validation problems:
bayes.lin.reg.html:27:32 (bayes.lin.reg.Rd:77): Warning: trimming empty <code>
bayes.lin.reg.html:32:32 (bayes.lin.reg.Rd:79): Warning: trimming empty <code>
Flavors: r-devel-linux-x86_64-debian-clang, r-devel-linux-x86_64-debian-gcc, r-devel-linux-x86_64-fedora-clang, r-devel-linux-x86_64-fedora-gcc, r-prerel-windows-x86_64, r-patched-linux-x86_64