Last updated on 2023-10-03 01:04:46 CEST.
Flavor | Version | Tinstall | Tcheck | Ttotal | Status | Flags |
---|---|---|---|---|---|---|
r-devel-linux-x86_64-debian-clang | 0.9.11 | 2362.02 | 50.08 | 2412.10 | NOTE | |
r-devel-linux-x86_64-debian-gcc | 0.9.11 | 1585.03 | 51.87 | 1636.90 | NOTE | |
r-devel-linux-x86_64-fedora-clang | 0.9.11 | 3497.70 | NOTE | |||
r-devel-linux-x86_64-fedora-gcc | 0.9.11 | 3307.79 | NOTE | |||
r-devel-windows-x86_64 | 0.9.11 | 264.00 | 81.00 | 345.00 | NOTE | |
r-patched-linux-x86_64 | 0.9.11 | 2548.18 | 65.66 | 2613.84 | NOTE | |
r-release-linux-x86_64 | 0.9.11 | 2543.07 | 64.39 | 2607.46 | NOTE | |
r-release-macos-arm64 | 0.9.11 | 163.00 | NOTE | |||
r-release-macos-x86_64 | 0.9.11 | 281.00 | NOTE | |||
r-release-windows-x86_64 | 0.9.11 | 310.00 | 88.00 | 398.00 | NOTE | |
r-oldrel-macos-arm64 | 0.9.11 | 174.00 | NOTE | |||
r-oldrel-macos-x86_64 | 0.9.11 | 347.00 | NOTE | |||
r-oldrel-windows-x86_64 | 0.9.11 | 337.00 | 83.00 | 420.00 | NOTE |
Version: 0.9.11
Check: for GNU extensions in Makefiles
Result: NOTE
GNU make is a SystemRequirements.
Flavors: r-devel-linux-x86_64-debian-clang, r-devel-linux-x86_64-debian-gcc, r-devel-linux-x86_64-fedora-clang, r-devel-linux-x86_64-fedora-gcc, r-devel-windows-x86_64, r-patched-linux-x86_64, r-release-linux-x86_64, r-release-macos-arm64, r-release-macos-x86_64, r-release-windows-x86_64, r-oldrel-macos-arm64, r-oldrel-macos-x86_64, r-oldrel-windows-x86_64
Version: 0.9.11
Check: installed package size
Result: NOTE
installed size is 47.6Mb
sub-directories of 1Mb or more:
include 10.5Mb
lib 36.7Mb
Flavors: r-devel-linux-x86_64-fedora-clang, r-devel-windows-x86_64, r-release-macos-arm64, r-release-macos-x86_64, r-release-windows-x86_64, r-oldrel-macos-arm64, r-oldrel-macos-x86_64, r-oldrel-windows-x86_64