Last updated on 2024-08-16 11:49:36 CEST.
Flavor | Version | Tinstall | Tcheck | Ttotal | Status | Flags |
---|---|---|---|---|---|---|
r-devel-linux-x86_64-debian-clang | 8.0.0 | 2.10 | 85.16 | 87.26 | NOTE | |
r-devel-linux-x86_64-debian-gcc | 8.0.0 | 1.59 | 63.67 | 65.26 | NOTE | |
r-devel-linux-x86_64-fedora-clang | 8.0.0 | 163.90 | OK | |||
r-devel-linux-x86_64-fedora-gcc | 8.0.0 | 148.64 | OK | |||
r-devel-windows-x86_64 | 8.0.0 | 3.00 | 112.00 | 115.00 | NOTE | |
r-patched-linux-x86_64 | 8.0.0 | 4.41 | 73.86 | 78.27 | OK | |
r-release-linux-x86_64 | 8.0.0 | 2.29 | 81.87 | 84.16 | OK | |
r-release-macos-arm64 | 8.0.0 | 51.00 | OK | |||
r-release-macos-x86_64 | 8.0.0 | 66.00 | OK | |||
r-release-windows-x86_64 | 8.0.0 | 4.00 | 112.00 | 116.00 | OK | |
r-oldrel-macos-arm64 | 8.0.0 | 55.00 | OK | |||
r-oldrel-macos-x86_64 | 8.0.0 | 74.00 | OK | |||
r-oldrel-windows-x86_64 | 8.0.0 | 4.00 | 111.00 | 115.00 | OK |
Version: 8.0.0
Check: Rd cross-references
Result: NOTE
Found the following Rd file(s) with Rd \link{} targets missing package
anchors:
getImpExtra.Rd: ranger
getImpLegacyRf.Rd: ranger
getImpRf.Rd: ranger
Please provide package anchors for all Rd \link{} targets not in the
package itself and the base packages.
Flavors: r-devel-linux-x86_64-debian-clang, r-devel-linux-x86_64-debian-gcc, r-devel-windows-x86_64