Last updated on 2023-03-24 06:50:31 CET.
Flavor | Version | Tinstall | Tcheck | Ttotal | Status | Flags |
---|---|---|---|---|---|---|
r-devel-linux-x86_64-debian-clang | 0.32.1 | 24.56 | 293.20 | 317.76 | NOTE | |
r-devel-linux-x86_64-debian-gcc | 0.32.1 | 16.85 | 214.80 | 231.65 | NOTE | |
r-devel-linux-x86_64-fedora-clang | 0.32.1 | 386.46 | NOTE | |||
r-devel-linux-x86_64-fedora-gcc | 0.32.1 | 375.23 | NOTE | |||
r-devel-windows-x86_64 | 0.32.1 | 115.00 | 363.00 | 478.00 | NOTE | |
r-patched-linux-x86_64 | 0.32.1 | 22.77 | 284.60 | 307.37 | OK | |
r-release-linux-x86_64 | 0.32.1 | 16.99 | 281.06 | 298.05 | OK | |
r-release-macos-arm64 | 0.32.1 | 100.00 | NOTE | |||
r-release-macos-x86_64 | 0.32.1 | 183.00 | NOTE | |||
r-release-windows-x86_64 | 0.32.1 | 103.00 | 369.00 | 472.00 | OK | |
r-oldrel-macos-arm64 | 0.32.1 | 112.00 | NOTE | |||
r-oldrel-macos-x86_64 | 0.32.1 | 144.00 | NOTE | |||
r-oldrel-windows-ix86+x86_64 | 0.32.1 | 49.00 | 331.00 | 380.00 | OK |
Version: 0.32.1
Check: Rd files
Result: NOTE
checkRd: (-1) R2txtJG.Rd:90: Escaped LaTeX specials: \#
Flavors: r-devel-linux-x86_64-debian-clang, r-devel-linux-x86_64-debian-gcc, r-devel-linux-x86_64-fedora-clang, r-devel-linux-x86_64-fedora-gcc, r-devel-windows-x86_64
Version: 0.32.1
Check: dependencies in R code
Result: NOTE
Namespace in Imports field not imported from: ‘mathjaxr’
All declared Imports should be used.
Flavors: r-devel-linux-x86_64-fedora-clang, r-devel-linux-x86_64-fedora-gcc, r-release-macos-arm64, r-release-macos-x86_64, r-oldrel-macos-arm64, r-oldrel-macos-x86_64