CRAN Package Check Results for Package BuyseTest

Last updated on 2021-07-27 23:51:05 CEST.

Flavor Version Tinstall Tcheck Ttotal Status Flags
r-devel-linux-x86_64-debian-clang 2.3.0 102.66 243.84 346.50 OK
r-devel-linux-x86_64-debian-gcc 2.3.0 80.46 171.47 251.93 OK
r-devel-linux-x86_64-fedora-clang 2.3.0 420.83 NOTE
r-devel-linux-x86_64-fedora-gcc 2.3.0 397.50 OK
r-devel-windows-x86_64 2.3.0 125.00 119.00 244.00 OK --no-examples --no-tests --no-vignettes
r-devel-windows-x86_64-gcc10-UCRT 2.3.0 OK
r-patched-linux-x86_64 2.3.0 84.52 212.63 297.15 OK
r-patched-solaris-x86 2.3.0 439.40 OK
r-release-linux-x86_64 2.3.0 87.51 215.46 302.97 OK
r-release-macos-arm64 2.3.0 NOTE
r-release-macos-x86_64 2.3.0 NOTE
r-release-windows-ix86+x86_64 2.3.0 227.00 134.00 361.00 OK --no-examples --no-tests --no-vignettes
r-oldrel-macos-x86_64 2.3.0 NOTE
r-oldrel-windows-ix86+x86_64 2.3.0 153.00 185.00 338.00 OK --no-examples --no-tests --no-vignettes

Check Details

Version: 2.3.0
Check: installed package size
Result: NOTE
     installed size is 6.8Mb
     sub-directories of 1Mb or more:
     libs 5.6Mb
Flavors: r-devel-linux-x86_64-fedora-clang, r-release-macos-arm64, r-release-macos-x86_64, r-oldrel-macos-x86_64