CRAN Package Check Results for Package C443

Last updated on 2021-06-15 17:50:17 CEST.

Flavor Version Tinstall Tcheck Ttotal Status Flags
r-devel-linux-x86_64-debian-clang 3.2.0 12.44 121.80 134.24 OK
r-devel-linux-x86_64-debian-gcc 3.2.0 9.81 89.92 99.73 OK
r-devel-linux-x86_64-fedora-clang 3.2.0 163.92 NOTE
r-devel-linux-x86_64-fedora-gcc 3.2.0 152.04 NOTE
r-devel-windows-x86_64 3.2.0 18.00 140.00 158.00 OK
r-devel-windows-x86_64-gcc10-UCRT 3.2.0 NOTE
r-patched-linux-x86_64 3.2.0 10.57 114.58 125.15 OK
r-patched-solaris-x86 3.2.0 189.80 NOTE
r-release-linux-x86_64 3.2.0 10.67 114.01 124.68 OK
r-release-macos-arm64 3.2.0 NOTE
r-release-macos-x86_64 3.2.0 NOTE
r-release-windows-ix86+x86_64 3.2.0 27.00 140.00 167.00 OK
r-oldrel-macos-x86_64 3.2.0 NOTE
r-oldrel-windows-ix86+x86_64 3.2.0 28.00 149.00 177.00 OK

Check Details

Version: 3.2.0
Check: dependencies in R code
Result: NOTE
    Namespaces in Imports field not imported from:
     ‘qgraph’ ‘reshape2’
     All declared Imports should be used.
Flavors: r-devel-linux-x86_64-fedora-clang, r-devel-linux-x86_64-fedora-gcc, r-devel-windows-x86_64-gcc10-UCRT, r-patched-solaris-x86, r-release-macos-arm64, r-release-macos-x86_64, r-oldrel-macos-x86_64