CRAN Package Check Results for Package CARBayesST

Last updated on 2019-03-22 11:52:49 CET.

Flavor Version Tinstall Tcheck Ttotal Status Flags
r-devel-linux-x86_64-debian-clang 3.0.1 57.60 185.84 243.44 OK
r-devel-linux-x86_64-debian-gcc 3.0.1 52.56 149.29 201.85 OK
r-devel-linux-x86_64-fedora-clang 3.0.1 303.48 NOTE
r-devel-linux-x86_64-fedora-gcc 3.0.1 291.24 OK
r-devel-windows-ix86+x86_64 3.0.1 138.00 333.00 471.00 OK
r-patched-linux-x86_64 3.0.1 50.36 176.22 226.58 OK
r-patched-solaris-x86 3.0.1 369.30 OK
r-release-linux-x86_64 3.0.1 51.30 178.23 229.53 OK
r-release-windows-ix86+x86_64 3.0.1 85.00 240.00 325.00 OK
r-release-osx-x86_64 3.0.1 NOTE
r-oldrel-windows-ix86+x86_64 3.0.1 127.00 342.00 469.00 OK
r-oldrel-osx-x86_64 3.0.1 OK

Check Details

Version: 3.0.1
Check: installed package size
Result: NOTE
     installed size is 5.3Mb
     sub-directories of 1Mb or more:
     doc 1.1Mb
     libs 3.5Mb
Flavors: r-devel-linux-x86_64-fedora-clang, r-release-osx-x86_64