CRAN Package Check Results for Package CARBayesST

Last updated on 2019-05-19 22:51:30 CEST.

Flavor Version Tinstall Tcheck Ttotal Status Flags
r-devel-linux-x86_64-debian-clang 3.0.1 52.57 188.73 241.30 OK
r-devel-linux-x86_64-debian-gcc 3.0.1 51.93 144.95 196.88 OK
r-devel-linux-x86_64-fedora-clang 3.0.1 331.73 NOTE
r-devel-linux-x86_64-fedora-gcc 3.0.1 289.73 OK
r-devel-windows-ix86+x86_64 3.0.1 146.00 373.00 519.00 OK
r-patched-linux-x86_64 3.0.1 59.81 183.90 243.71 OK
r-patched-solaris-x86 3.0.1 408.20 OK
r-release-linux-x86_64 3.0.1 52.99 190.47 243.46 OK
r-release-windows-ix86+x86_64 3.0.1 151.00 371.00 522.00 OK
r-release-osx-x86_64 3.0.1 NOTE
r-oldrel-windows-ix86+x86_64 3.0.1 125.00 364.00 489.00 OK
r-oldrel-osx-x86_64 3.0.1 NOTE

Check Details

Version: 3.0.1
Check: installed package size
Result: NOTE
     installed size is 5.2Mb
     sub-directories of 1Mb or more:
     doc 1.1Mb
     libs 3.4Mb
Flavors: r-devel-linux-x86_64-fedora-clang, r-release-osx-x86_64, r-oldrel-osx-x86_64