Last updated on 2023-03-31 17:49:20 CEST.
Flavor | Version | Tinstall | Tcheck | Ttotal | Status | Flags |
---|---|---|---|---|---|---|
r-devel-linux-x86_64-debian-clang | 1.3.4 | 41.75 | 96.43 | 138.18 | NOTE | |
r-devel-linux-x86_64-debian-gcc | 1.3.4 | 36.05 | 73.52 | 109.57 | NOTE | |
r-devel-linux-x86_64-fedora-clang | 1.3.4 | 189.05 | NOTE | |||
r-devel-linux-x86_64-fedora-gcc | 1.3.4 | 199.57 | NOTE | |||
r-devel-windows-x86_64 | 1.3.4 | 57.00 | 726.00 | 783.00 | NOTE | |
r-patched-linux-x86_64 | 1.3.4 | 38.18 | 92.16 | 130.34 | NOTE | |
r-release-linux-x86_64 | 1.3.4 | 35.91 | 93.87 | 129.78 | OK | |
r-release-macos-arm64 | 1.3.4 | 58.00 | NOTE | |||
r-release-macos-x86_64 | 1.3.4 | 88.00 | NOTE | |||
r-release-windows-x86_64 | 1.3.4 | 88.00 | 283.00 | 371.00 | OK | |
r-oldrel-macos-arm64 | 1.3.4 | 77.00 | NOTE | |||
r-oldrel-macos-x86_64 | 1.3.4 | 115.00 | NOTE | |||
r-oldrel-windows-ix86+x86_64 | 1.3.4 | 106.00 | 189.00 | 295.00 | NOTE |
Version: 1.3.4
Check: C++ specification
Result: NOTE
Specified C++11: please drop specification unless essential
Flavors: r-devel-linux-x86_64-debian-clang, r-devel-linux-x86_64-debian-gcc, r-devel-linux-x86_64-fedora-clang, r-devel-linux-x86_64-fedora-gcc, r-devel-windows-x86_64, r-patched-linux-x86_64
Version: 1.3.4
Check: installed package size
Result: NOTE
installed size is 6.5Mb
sub-directories of 1Mb or more:
data 1.6Mb
extdata 1.1Mb
libs 3.3Mb
Flavors: r-release-macos-arm64, r-release-macos-x86_64, r-oldrel-macos-arm64, r-oldrel-macos-x86_64, r-oldrel-windows-ix86+x86_64