Last updated on 2023-09-24 05:53:06 CEST.
Flavor | Version | Tinstall | Tcheck | Ttotal | Status | Flags |
---|---|---|---|---|---|---|
r-devel-linux-x86_64-debian-clang | 2.1.2 | 260.48 | 89.04 | 349.52 | OK | |
r-devel-linux-x86_64-debian-gcc | 2.1.2 | 210.13 | 72.94 | 283.07 | OK | |
r-devel-linux-x86_64-fedora-clang | 2.1.2 | 464.86 | OK | |||
r-devel-linux-x86_64-fedora-gcc | 2.1.2 | 591.82 | OK | |||
r-devel-windows-x86_64 | 2.1.2 | 191.00 | 124.00 | 315.00 | OK | |
r-patched-linux-x86_64 | 2.1.2 | 269.22 | 94.80 | 364.02 | OK | |
r-release-linux-x86_64 | 2.1.2 | 237.42 | 94.61 | 332.03 | OK | |
r-release-macos-arm64 | 2.1.2 | 104.00 | NOTE | |||
r-release-macos-x86_64 | 2.1.2 | 139.00 | NOTE | |||
r-release-windows-x86_64 | 2.1.2 | 252.00 | 141.00 | 393.00 | OK | |
r-oldrel-macos-arm64 | 2.1.2 | 106.00 | NOTE | |||
r-oldrel-macos-x86_64 | 2.1.2 | 158.00 | NOTE | |||
r-oldrel-windows-x86_64 | 2.1.2 | 259.00 | 129.00 | 388.00 | OK |
Version: 2.1.2
Check: installed package size
Result: NOTE
installed size is 22.4Mb
sub-directories of 1Mb or more:
libs 22.1Mb
Flavors: r-release-macos-arm64, r-release-macos-x86_64, r-oldrel-macos-arm64, r-oldrel-macos-x86_64