CRAN Package Check Results for Package CIAAWconsensus

Last updated on 2019-04-19 17:49:49 CEST.

Flavor Version Tinstall Tcheck Ttotal Status Flags
r-devel-linux-x86_64-debian-clang 1.3 1.91 30.41 32.32 OK
r-devel-linux-x86_64-debian-gcc 1.3 1.88 23.66 25.54 OK
r-devel-linux-x86_64-fedora-clang 1.3 40.07 NOTE
r-devel-linux-x86_64-fedora-gcc 1.3 36.86 NOTE
r-devel-windows-ix86+x86_64 1.3 6.00 55.00 61.00 OK
r-patched-linux-x86_64 1.3 2.23 29.69 31.92 OK
r-patched-solaris-x86 1.3 57.80 NOTE
r-release-linux-x86_64 1.3 1.01 28.23 29.24 OK
r-release-windows-ix86+x86_64 1.3 3.00 65.00 68.00 OK
r-release-osx-x86_64 1.3 NOTE
r-oldrel-windows-ix86+x86_64 1.3 3.00 61.00 64.00 OK
r-oldrel-osx-x86_64 1.3 NOTE

Check Details

Version: 1.3
Check: dependencies in R code
Result: NOTE
    Namespaces in Imports field not imported from:
     ‘Matrix’ ‘stringr’
     All declared Imports should be used.
Flavors: r-devel-linux-x86_64-fedora-clang, r-devel-linux-x86_64-fedora-gcc, r-patched-solaris-x86, r-release-osx-x86_64, r-oldrel-osx-x86_64