Last updated on 2019-02-23 17:52:34 CET.
Flavor | Version | Tinstall | Tcheck | Ttotal | Status | Flags |
---|---|---|---|---|---|---|
r-devel-linux-x86_64-debian-clang | 1.3 | 1.59 | 30.53 | 32.12 | OK | |
r-devel-linux-x86_64-debian-gcc | 1.3 | 1.45 | 23.53 | 24.98 | OK | |
r-devel-linux-x86_64-fedora-clang | 1.3 | 39.60 | NOTE | |||
r-devel-linux-x86_64-fedora-gcc | 1.3 | 37.03 | NOTE | |||
r-devel-windows-ix86+x86_64 | 1.3 | 4.00 | 44.00 | 48.00 | OK | |
r-patched-linux-x86_64 | 1.3 | 1.49 | 28.13 | 29.62 | OK | |
r-patched-solaris-x86 | 1.3 | 53.60 | NOTE | |||
r-release-linux-x86_64 | 1.3 | 1.40 | 28.00 | 29.40 | OK | |
r-release-windows-ix86+x86_64 | 1.3 | 3.00 | 54.00 | 57.00 | OK | |
r-release-osx-x86_64 | 1.3 | NOTE | ||||
r-oldrel-windows-ix86+x86_64 | 1.3 | 2.00 | 53.00 | 55.00 | OK | |
r-oldrel-osx-x86_64 | 1.3 | NOTE |
Version: 1.3
Check: dependencies in R code
Result: NOTE
Namespaces in Imports field not imported from:
‘Matrix’ ‘stringr’
All declared Imports should be used.
Flavors: r-devel-linux-x86_64-fedora-clang, r-devel-linux-x86_64-fedora-gcc, r-patched-solaris-x86, r-release-osx-x86_64, r-oldrel-osx-x86_64